{"id":1056,"date":"2023-11-16T15:35:02","date_gmt":"2023-11-16T15:35:02","guid":{"rendered":"https:\/\/www.ar-architectes.com\/?post_type=projet&#038;p=1056"},"modified":"2023-12-12T16:27:09","modified_gmt":"2023-12-12T16:27:09","slug":"metz-57","status":"publish","type":"projet","link":"https:\/\/www.ar-architectes.com\/fr\/projet\/metz-57\/","title":{"rendered":"Metz (57)"},"content":{"rendered":"\t\t<div data-elementor-type=\"wp-post\" data-elementor-id=\"1056\" class=\"elementor elementor-1056\">\n\t\t\t\t<div class=\"elementor-element elementor-element-75bc04f e-flex e-con-boxed e-con e-parent\" data-id=\"75bc04f\" data-element_type=\"container\" data-e-type=\"container\">\n\t\t\t\t\t<div class=\"e-con-inner\">\n\t\t\t\t<div class=\"elementor-element elementor-element-09f10ea elementor-widget elementor-widget-heading\" data-id=\"09f10ea\" data-element_type=\"widget\" data-e-type=\"widget\" data-widget_type=\"heading.default\">\n\t\t\t\t<div class=\"elementor-widget-container\">\n\t\t\t\t\t<h2 class=\"elementor-heading-title elementor-size-default\">\u00c9co-R\u00e9habilitation du Centre Technique de la Propri\u00e9t\u00e9 Urbaine de Metz.<\/h2>\t\t\t\t<\/div>\n\t\t\t\t<\/div>\n\t\t\t\t\t<\/div>\n\t\t\t\t<\/div>\n\t\t<div class=\"elementor-element elementor-element-1cfadb7 e-flex e-con-boxed e-con e-parent\" data-id=\"1cfadb7\" data-element_type=\"container\" data-e-type=\"container\">\n\t\t\t\t\t<div class=\"e-con-inner\">\n\t\t<div class=\"elementor-element elementor-element-a5b518f e-con-full e-flex e-con e-child\" data-id=\"a5b518f\" data-element_type=\"container\" data-e-type=\"container\">\n\t\t\t\t<div class=\"elementor-element elementor-element-552c5b8 projets-highlight elementor-widget elementor-widget-text-editor\" data-id=\"552c5b8\" data-element_type=\"widget\" data-e-type=\"widget\" data-widget_type=\"text-editor.default\">\n\t\t\t\t<div class=\"elementor-widget-container\">\n\t\t\t\t\t\t\t\t\t<p><strong>Ma\u00eetre d\u2019ouvrage\u00a0:<\/strong> Ville de Metz<\/p><p><strong>Localisation\u00a0:<\/strong> Metz (57)<\/p><p><strong>Projet\u00a0:<\/strong> R\u00e9habilitation HQE\u00a9 du b\u00e2timent tertiaire A<\/p><p><strong>Mission\u00a0:<\/strong> MOE Architecture HQE\u00ae et paysage<\/p><p><strong>Ma\u00eetrise d\u2019\u0153uvre\u00a0: <\/strong>AR ARCHITECTES, VERDI Grand Est<\/p><p><strong>Surface\u00a0: <\/strong>1 200 m\u00b2<\/p><p><strong>Budget\u00a0:<\/strong> 1 200 000 \u20ac HT<\/p><p><strong>Calendrier\u00a0: <\/strong>Concours 2017<\/p>\t\t\t\t\t\t\t\t<\/div>\n\t\t\t\t<\/div>\n\t\t\t\t<div class=\"elementor-element elementor-element-f8595a0 elementor-widget elementor-widget-text-editor\" data-id=\"f8595a0\" data-element_type=\"widget\" data-e-type=\"widget\" data-widget_type=\"text-editor.default\">\n\t\t\t\t<div class=\"elementor-widget-container\">\n\t\t\t\t\t\t\t\t\t<p>L\u2019objectif de la Ville de Metz consiste en la r\u00e9habilitation du Centre Technique de la Propret\u00e9 Urbaine, situ\u00e9 dans le quartier des Deux Fontaines \u00e0 dominante industrielle, au Nord de la ville, et plus pr\u00e9cis\u00e9ment la r\u00e9habilitation du b\u00e2timent tertiaire A accueillant les agents du site et le personnel administratif.<br \/><br \/><\/p><p>Notre agence a propos\u00e9 un projet \u00e9co-con\u00e7u, fonctionnel et en coh\u00e9rence avec le fonctionnement des espaces ext\u00e9rieurs, en valorisant le b\u00e2timent administratif donnant sur la rue Dreyfus Dupont par des rythmes verticaux lui conf\u00e9rant toute sa singularit\u00e9, et en proposant un phasage de chantier en site occup\u00e9 assurant la continuit\u00e9 d\u2019exploitation.<\/p>\t\t\t\t\t\t\t\t<\/div>\n\t\t\t\t<\/div>\n\t\t\t\t<\/div>\n\t\t<div class=\"elementor-element elementor-element-6f696fa e-con-full e-flex e-con e-child\" data-id=\"6f696fa\" data-element_type=\"container\" data-e-type=\"container\">\n\t\t\t\t<div class=\"elementor-element elementor-element-a1efa67 elementor-widget elementor-widget-slider_revolution\" data-id=\"a1efa67\" data-element_type=\"widget\" data-e-type=\"widget\" data-widget_type=\"slider_revolution.default\">\n\t\t\t\t<div class=\"elementor-widget-container\">\n\t\t\t\t\t\n\t\t<div class=\"wp-block-themepunch-revslider\">\n\t\t\t<!-- START Metz REVOLUTION SLIDER 6.6.16 --><p class=\"rs-p-wp-fix\"><\/p>\n\t\t\t<rs-module-wrap id=\"rev_slider_19_1_wrapper\" data-source=\"gallery\" style=\"visibility:hidden;background:transparent;padding:0;margin:0px auto;margin-top:0;margin-bottom:0;\">\n\t\t\t\t<rs-module id=\"rev_slider_19_1\" style=\"\" data-version=\"6.6.16\">\n\t\t\t\t\t<rs-slides style=\"overflow: hidden; position: absolute;\">\n\t\t\t\t\t\t<rs-slide style=\"position: absolute;\" data-key=\"rs-234\" data-title=\"Slide\" data-thumb=\"\/\/www.ar-architectes.com\/wp-content\/uploads\/2023\/11\/1-3-scaled.jpg\" data-in=\"o:0;\" data-out=\"a:false;\">\n\t\t\t\t\t\t\t<img fetchpriority=\"high\" decoding=\"async\" src=\"\/\/www.ar-architectes.com\/wp-content\/plugins\/revslider\/public\/assets\/assets\/dummy.png\" alt=\"\" title=\"1\" width=\"2560\" height=\"1269\" class=\"rev-slidebg tp-rs-img rs-lazyload\" data-lazyload=\"\/\/www.ar-architectes.com\/wp-content\/uploads\/2023\/11\/1-3-scaled.jpg\" data-no-retina>\n<!---->\t\t\t\t\t\t<\/rs-slide>\n\t\t\t\t\t\t<rs-slide style=\"position: absolute;\" data-key=\"rs-235\" data-title=\"Slide\" data-thumb=\"\/\/www.ar-architectes.com\/wp-content\/uploads\/2023\/11\/2-3-scaled.jpg\" data-in=\"o:0;\" data-out=\"a:false;\">\n\t\t\t\t\t\t\t<img decoding=\"async\" src=\"\/\/www.ar-architectes.com\/wp-content\/plugins\/revslider\/public\/assets\/assets\/dummy.png\" alt=\"\" title=\"2\" width=\"2560\" height=\"1920\" class=\"rev-slidebg tp-rs-img rs-lazyload\" data-lazyload=\"\/\/www.ar-architectes.com\/wp-content\/uploads\/2023\/11\/2-3-scaled.jpg\" data-no-retina>\n<!---->\t\t\t\t\t\t<\/rs-slide>\n\t\t\t\t\t\t<rs-slide style=\"position: absolute;\" data-key=\"rs-236\" data-title=\"Slide\" data-thumb=\"\/\/www.ar-architectes.com\/wp-content\/uploads\/2023\/11\/3-2-scaled.jpg\" data-in=\"o:0;\" data-out=\"a:false;\">\n\t\t\t\t\t\t\t<img decoding=\"async\" src=\"\/\/www.ar-architectes.com\/wp-content\/plugins\/revslider\/public\/assets\/assets\/dummy.png\" alt=\"\" title=\"\\192.168.1.101agenceAPPEL D&rsquo;OFFRE_CONCOURSAR_CONCOURS MOEEN\" width=\"2560\" height=\"2424\" class=\"rev-slidebg tp-rs-img rs-lazyload\" data-lazyload=\"\/\/www.ar-architectes.com\/wp-content\/uploads\/2023\/11\/3-2-scaled.jpg\" data-no-retina>\n<!---->\t\t\t\t\t\t<\/rs-slide>\n\t\t\t\t\t\t<rs-slide style=\"position: absolute;\" data-key=\"rs-237\" data-title=\"Slide\" data-thumb=\"\/\/www.ar-architectes.com\/wp-content\/uploads\/2023\/11\/4-2-scaled.jpg\" data-in=\"o:0;\" data-out=\"a:false;\">\n\t\t\t\t\t\t\t<img loading=\"lazy\" decoding=\"async\" src=\"\/\/www.ar-architectes.com\/wp-content\/plugins\/revslider\/public\/assets\/assets\/dummy.png\" alt=\"\" title=\"\\192.168.1.101agenceAPPEL D&rsquo;OFFRE_CONCOURSAR_CONCOURS MOEEN\" width=\"2560\" height=\"1811\" class=\"rev-slidebg tp-rs-img rs-lazyload\" data-lazyload=\"\/\/www.ar-architectes.com\/wp-content\/uploads\/2023\/11\/4-2-scaled.jpg\" data-no-retina>\n<!---->\t\t\t\t\t\t<\/rs-slide>\n\t\t\t\t\t\t<rs-slide style=\"position: absolute;\" data-key=\"rs-238\" data-title=\"Slide\" data-thumb=\"\/\/www.ar-architectes.com\/wp-content\/uploads\/2023\/11\/5-1-scaled.jpg\" data-in=\"o:0;\" data-out=\"a:false;\">\n\t\t\t\t\t\t\t<img loading=\"lazy\" decoding=\"async\" src=\"\/\/www.ar-architectes.com\/wp-content\/plugins\/revslider\/public\/assets\/assets\/dummy.png\" alt=\"\" title=\"5\" width=\"2560\" height=\"1706\" class=\"rev-slidebg tp-rs-img rs-lazyload\" data-lazyload=\"\/\/www.ar-architectes.com\/wp-content\/uploads\/2023\/11\/5-1-scaled.jpg\" data-no-retina>\n<!---->\t\t\t\t\t\t<\/rs-slide>\n\t\t\t\t\t\t<rs-slide style=\"position: absolute;\" data-key=\"rs-239\" data-title=\"Slide\" data-thumb=\"\/\/www.ar-architectes.com\/wp-content\/uploads\/2023\/11\/6-scaled.jpg\" data-in=\"o:0;\" data-out=\"a:false;\">\n\t\t\t\t\t\t\t<img loading=\"lazy\" decoding=\"async\" src=\"\/\/www.ar-architectes.com\/wp-content\/plugins\/revslider\/public\/assets\/assets\/dummy.png\" alt=\"\" title=\"\\192.168.1.101agenceAPPEL D&rsquo;OFFRE_CONCOURSAR_CONCOURS MOEEN\" width=\"2560\" height=\"1480\" class=\"rev-slidebg tp-rs-img rs-lazyload\" data-lazyload=\"\/\/www.ar-architectes.com\/wp-content\/uploads\/2023\/11\/6-scaled.jpg\" data-no-retina>\n<!---->\t\t\t\t\t\t<\/rs-slide>\n\t\t\t\t\t<\/rs-slides>\n\t\t\t\t\t<rs-static-layers><!--\n\t\t\t\t\t--><\/rs-static-layers>\n\t\t\t\t<\/rs-module>\n\t\t\t\t<script>\n\t\t\t\t\tsetREVStartSize({c: 'rev_slider_19_1',rl:[1240,1024,778,480],el:[900],gw:[1240],gh:[900],type:'carousel',justify:'',layout:'fullwidth',thumbh:\"180\",mh:\"0\"});if (window.RS_MODULES!==undefined && window.RS_MODULES.modules!==undefined && window.RS_MODULES.modules[\"revslider191\"]!==undefined) {window.RS_MODULES.modules[\"revslider191\"].once = false;window.revapi19 = undefined;if (window.RS_MODULES.checkMinimal!==undefined) window.RS_MODULES.checkMinimal()}\n\t\t\t\t<\/script>\n\t\t\t<\/rs-module-wrap>\n\t\t\t<!-- END REVOLUTION SLIDER -->\n<\/div>\n\n\t\t\t\t\t\t<\/div>\n\t\t\t\t<\/div>\n\t\t\t\t<\/div>\n\t\t\t\t\t<\/div>\n\t\t\t\t<\/div>\n\t\t<div class=\"elementor-element elementor-element-4d1be87 e-flex e-con-boxed e-con e-parent\" data-id=\"4d1be87\" data-element_type=\"container\" data-e-type=\"container\">\n\t\t\t\t\t<div class=\"e-con-inner\">\n\t\t\t\t<div class=\"elementor-element elementor-element-d34259d download-file-button elementor-widget elementor-widget-bridge_icon_text\" data-id=\"d34259d\" data-element_type=\"widget\" data-e-type=\"widget\" data-widget_type=\"bridge_icon_text.default\">\n\t\t\t\t<div class=\"elementor-widget-container\">\n\t\t\t\t\t<div class='q_icon_with_title small normal_icon '><div class=\"icon_holder \" style=\" \"><span data-icon-type=\"normal\"   style=\"\" class=\"qode_iwt_icon_holder q_font_awsome_icon fa-2x  \"><i class=\"qode_icon_font_awesome fa fa-download qode_iwt_icon_element\" style=\"color: #66B545;\" ><\/i><\/span><\/div><div class=\"icon_text_holder\" style=\"\"><div class=\"icon_text_inner\" style=\"\"><h5 class=\"icon_title\" style=\"color: #000000;font-weight: 700;\"><\/h5><p style='color: #000000'><\/p><a itemprop='url' class='icon_with_title_link' href='https:\/\/www.ar-architectes.com\/wp-content\/uploads\/2023\/11\/AR_CENTRE-TECHNIQUE_METZ.pdf' target='_self' style='color: #000000;'>T\u00c9L\u00c9CHARGER LA FICHE COMPL\u00c8TE DE CE PROJET<\/a><\/div><\/div><\/div>\t\t\t\t<\/div>\n\t\t\t\t<\/div>\n\t\t\t\t\t<\/div>\n\t\t\t\t<\/div>\n\t\t\t\t<\/div>\n\t\t","protected":false},"excerpt":{"rendered":"<p>Ville de Metz consiste en la r\u00e9habilitation du Centre Technique de la Propret\u00e9 Urbaine, situ\u00e9 dans le quartier des Deux Fontaines.<\/p>\n","protected":false},"featured_media":1061,"template":"","categories":[3],"tags":[5],"class_list":["post-1056","projet","type-projet","status-publish","has-post-thumbnail","hentry","category-france","tag-eco-renovation"],"_links":{"self":[{"href":"https:\/\/www.ar-architectes.com\/fr\/wp-json\/wp\/v2\/projet\/1056","targetHints":{"allow":["GET"]}}],"collection":[{"href":"https:\/\/www.ar-architectes.com\/fr\/wp-json\/wp\/v2\/projet"}],"about":[{"href":"https:\/\/www.ar-architectes.com\/fr\/wp-json\/wp\/v2\/types\/projet"}],"version-history":[{"count":8,"href":"https:\/\/www.ar-architectes.com\/fr\/wp-json\/wp\/v2\/projet\/1056\/revisions"}],"predecessor-version":[{"id":1071,"href":"https:\/\/www.ar-architectes.com\/fr\/wp-json\/wp\/v2\/projet\/1056\/revisions\/1071"}],"wp:featuredmedia":[{"embeddable":true,"href":"https:\/\/www.ar-architectes.com\/fr\/wp-json\/wp\/v2\/media\/1061"}],"wp:attachment":[{"href":"https:\/\/www.ar-architectes.com\/fr\/wp-json\/wp\/v2\/media?parent=1056"}],"wp:term":[{"taxonomy":"category","embeddable":true,"href":"https:\/\/www.ar-architectes.com\/fr\/wp-json\/wp\/v2\/categories?post=1056"},{"taxonomy":"post_tag","embeddable":true,"href":"https:\/\/www.ar-architectes.com\/fr\/wp-json\/wp\/v2\/tags?post=1056"}],"curies":[{"name":"wp","href":"https:\/\/api.w.org\/{rel}","templated":true}]}}

<div data-elementor-type="wp-post" data-elementor-id="1056" class="elementor elementor-1056">
				<div class="elementor-element elementor-element-75bc04f e-flex e-con-boxed e-con e-parent" data-id="75bc04f" data-element_type="container" data-e-type="container">
					<div class="e-con-inner">
				<div class="elementor-element elementor-element-09f10ea elementor-widget elementor-widget-heading" data-id="09f10ea" data-element_type="widget" data-e-type="widget" data-widget_type="heading.default">
				<div class="elementor-widget-container">
					<h2 class="elementor-heading-title elementor-size-default">Éco-Réhabilitation du Centre Technique de la Propriété Urbaine de Metz.</h2>				</div>
				</div>
					</div>
				</div>
		<div class="elementor-element elementor-element-1cfadb7 e-flex e-con-boxed e-con e-parent" data-id="1cfadb7" data-element_type="container" data-e-type="container">
					<div class="e-con-inner">
		<div class="elementor-element elementor-element-a5b518f e-con-full e-flex e-con e-child" data-id="a5b518f" data-element_type="container" data-e-type="container">
				<div class="elementor-element elementor-element-552c5b8 projets-highlight elementor-widget elementor-widget-text-editor" data-id="552c5b8" data-element_type="widget" data-e-type="widget" data-widget_type="text-editor.default">
				<div class="elementor-widget-container">
									<p><strong>Maître d’ouvrage :</strong> Ville de Metz</p><p><strong>Localisation :</strong> Metz (57)</p><p><strong>Projet :</strong> Réhabilitation HQE© du bâtiment tertiaire A</p><p><strong>Mission :</strong> MOE Architecture HQE® et paysage</p><p><strong>Maîtrise d’œuvre : </strong>AR ARCHITECTES, VERDI Grand Est</p><p><strong>Surface : </strong>1 200 m²</p><p><strong>Budget :</strong> 1 200 000 € HT</p><p><strong>Calendrier : </strong>Concours 2017</p>								</div>
				</div>
				<div class="elementor-element elementor-element-f8595a0 elementor-widget elementor-widget-text-editor" data-id="f8595a0" data-element_type="widget" data-e-type="widget" data-widget_type="text-editor.default">
				<div class="elementor-widget-container">
									<p>L’objectif de la Ville de Metz consiste en la réhabilitation du Centre Technique de la Propreté Urbaine, situé dans le quartier des Deux Fontaines à dominante industrielle, au Nord de la ville, et plus précisément la réhabilitation du bâtiment tertiaire A accueillant les agents du site et le personnel administratif.<br /><br /></p><p>Notre agence a proposé un projet éco-conçu, fonctionnel et en cohérence avec le fonctionnement des espaces extérieurs, en valorisant le bâtiment administratif donnant sur la rue Dreyfus Dupont par des rythmes verticaux lui conférant toute sa singularité, et en proposant un phasage de chantier en site occupé assurant la continuité d’exploitation.</p>								</div>
				</div>
				</div>
		<div class="elementor-element elementor-element-6f696fa e-con-full e-flex e-con e-child" data-id="6f696fa" data-element_type="container" data-e-type="container">
				<div class="elementor-element elementor-element-a1efa67 elementor-widget elementor-widget-slider_revolution" data-id="a1efa67" data-element_type="widget" data-e-type="widget" data-widget_type="slider_revolution.default">
				<div class="elementor-widget-container">
					
		<div class="wp-block-themepunch-revslider">
			<!-- START Metz REVOLUTION SLIDER 6.6.16 --><p class="rs-p-wp-fix"></p>
			<rs-module-wrap id="rev_slider_19_1_wrapper" data-source="gallery" style="visibility:hidden;background:transparent;padding:0;margin:0px auto;margin-top:0;margin-bottom:0;">
				<rs-module id="rev_slider_19_1" style="" data-version="6.6.16">
					<rs-slides style="overflow: hidden; position: absolute;">
						<rs-slide style="position: absolute;" data-key="rs-234" data-title="Slide" data-thumb="//www.ar-architectes.com/wp-content/uploads/2023/11/1-3-scaled.jpg" data-in="o:0;" data-out="a:false;">
							<img fetchpriority="high" decoding="async" src="//www.ar-architectes.com/wp-content/plugins/revslider/public/assets/assets/dummy.png" alt="" title="1" width="2560" height="1269" class="rev-slidebg tp-rs-img rs-lazyload" data-lazyload="//www.ar-architectes.com/wp-content/uploads/2023/11/1-3-scaled.jpg" data-no-retina>
<!---->						</rs-slide>
						<rs-slide style="position: absolute;" data-key="rs-235" data-title="Slide" data-thumb="//www.ar-architectes.com/wp-content/uploads/2023/11/2-3-scaled.jpg" data-in="o:0;" data-out="a:false;">
							<img decoding="async" src="//www.ar-architectes.com/wp-content/plugins/revslider/public/assets/assets/dummy.png" alt="" title="2" width="2560" height="1920" class="rev-slidebg tp-rs-img rs-lazyload" data-lazyload="//www.ar-architectes.com/wp-content/uploads/2023/11/2-3-scaled.jpg" data-no-retina>
<!---->						</rs-slide>
						<rs-slide style="position: absolute;" data-key="rs-236" data-title="Slide" data-thumb="//www.ar-architectes.com/wp-content/uploads/2023/11/3-2-scaled.jpg" data-in="o:0;" data-out="a:false;">
							<img decoding="async" src="//www.ar-architectes.com/wp-content/plugins/revslider/public/assets/assets/dummy.png" alt="" title="\192.168.1.101agenceAPPEL D&rsquo;OFFRE_CONCOURSAR_CONCOURS MOEEN" width="2560" height="2424" class="rev-slidebg tp-rs-img rs-lazyload" data-lazyload="//www.ar-architectes.com/wp-content/uploads/2023/11/3-2-scaled.jpg" data-no-retina>
<!---->						</rs-slide>
						<rs-slide style="position: absolute;" data-key="rs-237" data-title="Slide" data-thumb="//www.ar-architectes.com/wp-content/uploads/2023/11/4-2-scaled.jpg" data-in="o:0;" data-out="a:false;">
							<img loading="lazy" decoding="async" src="//www.ar-architectes.com/wp-content/plugins/revslider/public/assets/assets/dummy.png" alt="" title="\192.168.1.101agenceAPPEL D&rsquo;OFFRE_CONCOURSAR_CONCOURS MOEEN" width="2560" height="1811" class="rev-slidebg tp-rs-img rs-lazyload" data-lazyload="//www.ar-architectes.com/wp-content/uploads/2023/11/4-2-scaled.jpg" data-no-retina>
<!---->						</rs-slide>
						<rs-slide style="position: absolute;" data-key="rs-238" data-title="Slide" data-thumb="//www.ar-architectes.com/wp-content/uploads/2023/11/5-1-scaled.jpg" data-in="o:0;" data-out="a:false;">
							<img loading="lazy" decoding="async" src="//www.ar-architectes.com/wp-content/plugins/revslider/public/assets/assets/dummy.png" alt="" title="5" width="2560" height="1706" class="rev-slidebg tp-rs-img rs-lazyload" data-lazyload="//www.ar-architectes.com/wp-content/uploads/2023/11/5-1-scaled.jpg" data-no-retina>
<!---->						</rs-slide>
						<rs-slide style="position: absolute;" data-key="rs-239" data-title="Slide" data-thumb="//www.ar-architectes.com/wp-content/uploads/2023/11/6-scaled.jpg" data-in="o:0;" data-out="a:false;">
							<img loading="lazy" decoding="async" src="//www.ar-architectes.com/wp-content/plugins/revslider/public/assets/assets/dummy.png" alt="" title="\192.168.1.101agenceAPPEL D&rsquo;OFFRE_CONCOURSAR_CONCOURS MOEEN" width="2560" height="1480" class="rev-slidebg tp-rs-img rs-lazyload" data-lazyload="//www.ar-architectes.com/wp-content/uploads/2023/11/6-scaled.jpg" data-no-retina>
<!---->						</rs-slide>
					</rs-slides>
					<rs-static-layers><!--
					--></rs-static-layers>
				</rs-module>
				<script>
					setREVStartSize({c: 'rev_slider_19_1',rl:[1240,1024,778,480],el:[900],gw:[1240],gh:[900],type:'carousel',justify:'',layout:'fullwidth',thumbh:"180",mh:"0"});if (window.RS_MODULES!==undefined && window.RS_MODULES.modules!==undefined && window.RS_MODULES.modules["revslider191"]!==undefined) {window.RS_MODULES.modules["revslider191"].once = false;window.revapi19 = undefined;if (window.RS_MODULES.checkMinimal!==undefined) window.RS_MODULES.checkMinimal()}
				</script>
			</rs-module-wrap>
			<!-- END REVOLUTION SLIDER -->
</div>

						</div>
				</div>
				</div>
					</div>
				</div>
		<div class="elementor-element elementor-element-4d1be87 e-flex e-con-boxed e-con e-parent" data-id="4d1be87" data-element_type="container" data-e-type="container">
					<div class="e-con-inner">
				<div class="elementor-element elementor-element-d34259d download-file-button elementor-widget elementor-widget-bridge_icon_text" data-id="d34259d" data-element_type="widget" data-e-type="widget" data-widget_type="bridge_icon_text.default">
				<div class="elementor-widget-container">
					<div class='q_icon_with_title small normal_icon '><div class="icon_holder " style=" "><span data-icon-type="normal"   style="" class="qode_iwt_icon_holder q_font_awsome_icon fa-2x  "><i class="qode_icon_font_awesome fa fa-download qode_iwt_icon_element" style="color: #66B545;" ></i></span></div><div class="icon_text_holder" style=""><div class="icon_text_inner" style=""><h5 class="icon_title" style="color: #000000;font-weight: 700;"></h5><p style='color: #000000'></p><a itemprop='url' class='icon_with_title_link' href='https://www.ar-architectes.com/wp-content/uploads/2023/11/AR_CENTRE-TECHNIQUE_METZ.pdf' target='_self' style='color: #000000;'>TÉLÉCHARGER LA FICHE COMPLÈTE DE CE PROJET</a></div></div></div>				</div>
				</div>
					</div>
				</div>
				</div>

<p>Ville de Metz consiste en la réhabilitation du Centre Technique de la Propreté Urbaine, situé dans le quartier des Deux Fontaines.</p>
