{"id":1271,"date":"2023-11-29T09:28:57","date_gmt":"2023-11-29T09:28:57","guid":{"rendered":"https:\/\/www.ar-architectes.com\/?post_type=projet&#038;p=1271"},"modified":"2023-11-29T09:40:41","modified_gmt":"2023-11-29T09:40:41","slug":"terre-de-sarcelles-95","status":"publish","type":"projet","link":"https:\/\/www.ar-architectes.com\/fr\/projet\/terre-de-sarcelles-95\/","title":{"rendered":"Terre de Sarcelles (95)"},"content":{"rendered":"\t\t<div data-elementor-type=\"wp-post\" data-elementor-id=\"1271\" class=\"elementor elementor-1271\">\n\t\t\t\t<div class=\"elementor-element elementor-element-75bc04f e-flex e-con-boxed e-con e-parent\" data-id=\"75bc04f\" data-element_type=\"container\" data-e-type=\"container\">\n\t\t\t\t\t<div class=\"e-con-inner\">\n\t\t\t\t<div class=\"elementor-element elementor-element-09f10ea elementor-widget elementor-widget-heading\" data-id=\"09f10ea\" data-element_type=\"widget\" data-e-type=\"widget\" data-widget_type=\"heading.default\">\n\t\t\t\t<div class=\"elementor-widget-container\">\n\t\t\t\t\t<h2 class=\"elementor-heading-title elementor-size-default\">\u00c9co-R\u00e9novation du Centre de Valorisation \u00c9nerg\u00e9tique du SIGIDURS \u00e0 Sarcelles (95) \u2013 Terre de Sarcelles<\/h2>\t\t\t\t<\/div>\n\t\t\t\t<\/div>\n\t\t\t\t\t<\/div>\n\t\t\t\t<\/div>\n\t\t<div class=\"elementor-element elementor-element-1cfadb7 e-flex e-con-boxed e-con e-parent\" data-id=\"1cfadb7\" data-element_type=\"container\" data-e-type=\"container\">\n\t\t\t\t\t<div class=\"e-con-inner\">\n\t\t<div class=\"elementor-element elementor-element-a5b518f e-con-full e-flex e-con e-child\" data-id=\"a5b518f\" data-element_type=\"container\" data-e-type=\"container\">\n\t\t\t\t<div class=\"elementor-element elementor-element-552c5b8 projets-highlight elementor-widget elementor-widget-text-editor\" data-id=\"552c5b8\" data-element_type=\"widget\" data-e-type=\"widget\" data-widget_type=\"text-editor.default\">\n\t\t\t\t<div class=\"elementor-widget-container\">\n\t\t\t\t\t\t\t\t\t<p><strong>Ma\u00eetre d\u2019ouvrage\u00a0:<\/strong> SIGIDURS<\/p><p><strong>Localisation\u00a0:<\/strong> Sarcelles (95)<\/p><p><strong>Projet\u00a0:<\/strong> Conception architecturale et paysag\u00e8re de la r\u00e9novation du Centre de Valorisation Energ\u00e9tique<\/p><p><strong>Mission\u00a0:<\/strong> Ma\u00eetrise d\u2019oeuvre compl\u00e8te architecturale et paysag\u00e8re<\/p><p><strong>Ma\u00eetrise d\u2019\u0153uvre\u00a0: <\/strong>AR ARCHITECTES, VERDI, BG INGENIEURS CONSEILS<\/p><p><strong>Surface\u00a0: <\/strong>Parcelle\u00a0: 30\u00a0000 m\u00b2, B\u00e2timent\u00a0: 10 050 m\u00b2<\/p><p><strong>Budget\u00a0:<\/strong> 9 000 000 \u20ac HT<\/p><p><strong>Calendrier\u00a0: <\/strong>Concours 2020<\/p>\t\t\t\t\t\t\t\t<\/div>\n\t\t\t\t<\/div>\n\t\t\t\t<div class=\"elementor-element elementor-element-f8595a0 elementor-widget elementor-widget-text-editor\" data-id=\"f8595a0\" data-element_type=\"widget\" data-e-type=\"widget\" data-widget_type=\"text-editor.default\">\n\t\t\t\t<div class=\"elementor-widget-container\">\n\t\t\t\t\t\t\t\t\t<p>Le parti pris architectural, paysage et environnemental du projet de r\u00e9novation du Centre de<\/p><p>Valorisation Energ\u00e9tique du SIGIDURS s\u2019articule autour de trois id\u00e9es fortes :<\/p><ol><li>Homog\u00e9n\u00e9iser les diff\u00e9rents b\u00e2timents et volumes du CVE afin de faire apparaitre une seule unit\u00e9 architecturale : cr\u00e9er un socle gris.<\/li><li>Mettre en valeur la zone de process qui repr\u00e9sente le c\u0153ur m\u00eame de l\u2019Usine et la d\u00e9marche du SIGIDURS; cr\u00e9er une enveloppe m\u00e9tallique ajour\u00e9e teinte \u201cfleur de rouille\u201d<\/li><li>V\u00e9g\u00e9taliser intens\u00e9ment la parcelle dans l\u2019ambition de la rendre perm\u00e9able, p\u00e9renne et de l\u2019int\u00e9grer harmonieusement aux environnements proches et lointains.<\/li><\/ol>\t\t\t\t\t\t\t\t<\/div>\n\t\t\t\t<\/div>\n\t\t\t\t<\/div>\n\t\t<div class=\"elementor-element elementor-element-6f696fa e-con-full e-flex e-con e-child\" data-id=\"6f696fa\" data-element_type=\"container\" data-e-type=\"container\">\n\t\t\t\t<div class=\"elementor-element elementor-element-a1efa67 elementor-widget elementor-widget-slider_revolution\" data-id=\"a1efa67\" data-element_type=\"widget\" data-e-type=\"widget\" data-widget_type=\"slider_revolution.default\">\n\t\t\t\t<div class=\"elementor-widget-container\">\n\t\t\t\t\t\n\t\t<div class=\"wp-block-themepunch-revslider\">\n\t\t\t<!-- START Terre de Sarcelles REVOLUTION SLIDER 6.6.16 --><p class=\"rs-p-wp-fix\"><\/p>\n\t\t\t<rs-module-wrap id=\"rev_slider_27_1_wrapper\" data-source=\"gallery\" style=\"visibility:hidden;background:transparent;padding:0;margin:0px auto;margin-top:0;margin-bottom:0;\">\n\t\t\t\t<rs-module id=\"rev_slider_27_1\" style=\"\" data-version=\"6.6.16\">\n\t\t\t\t\t<rs-slides style=\"overflow: hidden; position: absolute;\">\n\t\t\t\t\t\t<rs-slide style=\"position: absolute;\" data-key=\"rs-325\" data-title=\"Slide\" data-thumb=\"\/\/www.ar-architectes.com\/wp-content\/uploads\/2023\/11\/1-6-scaled.jpg\" data-in=\"o:0;\" data-out=\"a:false;\">\n\t\t\t\t\t\t\t<img fetchpriority=\"high\" decoding=\"async\" src=\"\/\/www.ar-architectes.com\/wp-content\/plugins\/revslider\/public\/assets\/assets\/dummy.png\" alt=\"\" title=\"1\" width=\"2560\" height=\"1707\" class=\"rev-slidebg tp-rs-img rs-lazyload\" data-lazyload=\"\/\/www.ar-architectes.com\/wp-content\/uploads\/2023\/11\/1-6-scaled.jpg\" data-no-retina>\n<!---->\t\t\t\t\t\t<\/rs-slide>\n\t\t\t\t\t\t<rs-slide style=\"position: absolute;\" data-key=\"rs-326\" data-title=\"Slide\" data-thumb=\"\/\/www.ar-architectes.com\/wp-content\/uploads\/2023\/11\/2-6-scaled.jpg\" data-in=\"o:0;\" data-out=\"a:false;\">\n\t\t\t\t\t\t\t<img decoding=\"async\" src=\"\/\/www.ar-architectes.com\/wp-content\/plugins\/revslider\/public\/assets\/assets\/dummy.png\" alt=\"\" title=\"2\" width=\"2560\" height=\"1707\" class=\"rev-slidebg tp-rs-img rs-lazyload\" data-lazyload=\"\/\/www.ar-architectes.com\/wp-content\/uploads\/2023\/11\/2-6-scaled.jpg\" data-no-retina>\n<!---->\t\t\t\t\t\t<\/rs-slide>\n\t\t\t\t\t\t<rs-slide style=\"position: absolute;\" data-key=\"rs-327\" data-title=\"Slide\" data-thumb=\"\/\/www.ar-architectes.com\/wp-content\/uploads\/2023\/11\/3-5.jpg\" data-in=\"o:0;\" data-out=\"a:false;\">\n\t\t\t\t\t\t\t<img decoding=\"async\" src=\"\/\/www.ar-architectes.com\/wp-content\/plugins\/revslider\/public\/assets\/assets\/dummy.png\" alt=\"\" title=\"3\" width=\"1619\" height=\"1209\" class=\"rev-slidebg tp-rs-img rs-lazyload\" data-lazyload=\"\/\/www.ar-architectes.com\/wp-content\/uploads\/2023\/11\/3-5.jpg\" data-no-retina>\n<!---->\t\t\t\t\t\t<\/rs-slide>\n\t\t\t\t\t\t<rs-slide style=\"position: absolute;\" data-key=\"rs-328\" data-title=\"Slide\" data-thumb=\"\/\/www.ar-architectes.com\/wp-content\/uploads\/2023\/11\/4-4-scaled.jpg\" data-in=\"o:0;\" data-out=\"a:false;\">\n\t\t\t\t\t\t\t<img loading=\"lazy\" decoding=\"async\" src=\"\/\/www.ar-architectes.com\/wp-content\/plugins\/revslider\/public\/assets\/assets\/dummy.png\" alt=\"\" title=\"\\192.168.1.22agenceAPPEL D&rsquo;OFFRE_CONCOURSAR_CONCOURS MOEEN\" width=\"2560\" height=\"1613\" class=\"rev-slidebg tp-rs-img rs-lazyload\" data-lazyload=\"\/\/www.ar-architectes.com\/wp-content\/uploads\/2023\/11\/4-4-scaled.jpg\" data-no-retina>\n<!---->\t\t\t\t\t\t<\/rs-slide>\n\t\t\t\t\t\t<rs-slide style=\"position: absolute;\" data-key=\"rs-329\" data-title=\"Slide\" data-thumb=\"\/\/www.ar-architectes.com\/wp-content\/uploads\/2023\/11\/5-4-scaled.jpg\" data-in=\"o:0;\" data-out=\"a:false;\">\n\t\t\t\t\t\t\t<img loading=\"lazy\" decoding=\"async\" src=\"\/\/www.ar-architectes.com\/wp-content\/plugins\/revslider\/public\/assets\/assets\/dummy.png\" alt=\"\" title=\"AR_3219_ELEVATION FACADE NORD A3 500_281119\" width=\"2560\" height=\"1434\" class=\"rev-slidebg tp-rs-img rs-lazyload\" data-lazyload=\"\/\/www.ar-architectes.com\/wp-content\/uploads\/2023\/11\/5-4-scaled.jpg\" data-no-retina>\n<!---->\t\t\t\t\t\t<\/rs-slide>\n\t\t\t\t\t\t<rs-slide style=\"position: absolute;\" data-key=\"rs-330\" data-title=\"Slide\" data-thumb=\"\/\/www.ar-architectes.com\/wp-content\/uploads\/2023\/11\/6-3-scaled.jpg\" data-in=\"o:0;\" data-out=\"a:false;\">\n\t\t\t\t\t\t\t<img loading=\"lazy\" decoding=\"async\" src=\"\/\/www.ar-architectes.com\/wp-content\/plugins\/revslider\/public\/assets\/assets\/dummy.png\" alt=\"\" title=\"\\SERVEUR-ARagenceAPPEL D&rsquo;OFFRE_CONCOURSAR_CONCOURS MOEEN CO\" width=\"2560\" height=\"1404\" class=\"rev-slidebg tp-rs-img rs-lazyload\" data-lazyload=\"\/\/www.ar-architectes.com\/wp-content\/uploads\/2023\/11\/6-3-scaled.jpg\" data-no-retina>\n<!---->\t\t\t\t\t\t<\/rs-slide>\n\t\t\t\t\t\t<rs-slide style=\"position: absolute;\" data-key=\"rs-331\" data-title=\"Slide\" data-thumb=\"\/\/www.ar-architectes.com\/wp-content\/uploads\/2023\/11\/7-3-scaled.jpg\" data-in=\"o:0;\" data-out=\"a:false;\">\n\t\t\t\t\t\t\t<img loading=\"lazy\" decoding=\"async\" src=\"\/\/www.ar-architectes.com\/wp-content\/plugins\/revslider\/public\/assets\/assets\/dummy.png\" alt=\"\" title=\"\\SERVEUR-ARagenceAPPEL D&rsquo;OFFRE_CONCOURSAR_CONCOURS MOEEN CO\" width=\"2560\" height=\"1493\" class=\"rev-slidebg tp-rs-img rs-lazyload\" data-lazyload=\"\/\/www.ar-architectes.com\/wp-content\/uploads\/2023\/11\/7-3-scaled.jpg\" data-no-retina>\n<!---->\t\t\t\t\t\t<\/rs-slide>\n\t\t\t\t\t<\/rs-slides>\n\t\t\t\t\t<rs-static-layers><!--\n\t\t\t\t\t--><\/rs-static-layers>\n\t\t\t\t<\/rs-module>\n\t\t\t\t<script>\n\t\t\t\t\tsetREVStartSize({c: 'rev_slider_27_1',rl:[1240,1024,778,480],el:[900],gw:[1240],gh:[900],type:'carousel',justify:'',layout:'fullwidth',thumbh:\"180\",mh:\"0\"});if (window.RS_MODULES!==undefined && window.RS_MODULES.modules!==undefined && window.RS_MODULES.modules[\"revslider271\"]!==undefined) {window.RS_MODULES.modules[\"revslider271\"].once = false;window.revapi27 = undefined;if (window.RS_MODULES.checkMinimal!==undefined) window.RS_MODULES.checkMinimal()}\n\t\t\t\t<\/script>\n\t\t\t<\/rs-module-wrap>\n\t\t\t<!-- END REVOLUTION SLIDER -->\n<\/div>\n\n\t\t\t\t\t\t<\/div>\n\t\t\t\t<\/div>\n\t\t\t\t<\/div>\n\t\t\t\t\t<\/div>\n\t\t\t\t<\/div>\n\t\t<div class=\"elementor-element elementor-element-4d1be87 e-flex e-con-boxed e-con e-parent\" data-id=\"4d1be87\" data-element_type=\"container\" data-e-type=\"container\">\n\t\t\t\t\t<div class=\"e-con-inner\">\n\t\t\t\t<div class=\"elementor-element elementor-element-d34259d download-file-button elementor-widget elementor-widget-bridge_icon_text\" data-id=\"d34259d\" data-element_type=\"widget\" data-e-type=\"widget\" data-widget_type=\"bridge_icon_text.default\">\n\t\t\t\t<div class=\"elementor-widget-container\">\n\t\t\t\t\t<div class='q_icon_with_title small normal_icon '><div class=\"icon_holder \" style=\" \"><span data-icon-type=\"normal\"   style=\"\" class=\"qode_iwt_icon_holder q_font_awsome_icon fa-2x  \"><i class=\"qode_icon_font_awesome fa fa-download qode_iwt_icon_element\" style=\"color: #66B545;\" ><\/i><\/span><\/div><div class=\"icon_text_holder\" style=\"\"><div class=\"icon_text_inner\" style=\"\"><h5 class=\"icon_title\" style=\"color: #000000;font-weight: 700;\"><\/h5><p style='color: #000000'><\/p><a itemprop='url' class='icon_with_title_link' href='https:\/\/www.ar-architectes.com\/wp-content\/uploads\/2023\/11\/AR_SIGIDURS_SARCELLES_FRANCAIS.pdf' target='_self' style='color: #000000;'>T\u00c9L\u00c9CHARGER LA FICHE COMPL\u00c8TE DE CE PROJET<\/a><\/div><\/div><\/div>\t\t\t\t<\/div>\n\t\t\t\t<\/div>\n\t\t\t\t\t<\/div>\n\t\t\t\t<\/div>\n\t\t\t\t<\/div>\n\t\t","protected":false},"excerpt":{"rendered":"<p>Le parti pris architectural, paysage et environnemental du projet !<\/p>\n","protected":false},"featured_media":1275,"template":"","categories":[3],"tags":[6],"class_list":["post-1271","projet","type-projet","status-publish","has-post-thumbnail","hentry","category-france","tag-eco-construction"],"_links":{"self":[{"href":"https:\/\/www.ar-architectes.com\/fr\/wp-json\/wp\/v2\/projet\/1271","targetHints":{"allow":["GET"]}}],"collection":[{"href":"https:\/\/www.ar-architectes.com\/fr\/wp-json\/wp\/v2\/projet"}],"about":[{"href":"https:\/\/www.ar-architectes.com\/fr\/wp-json\/wp\/v2\/types\/projet"}],"version-history":[{"count":5,"href":"https:\/\/www.ar-architectes.com\/fr\/wp-json\/wp\/v2\/projet\/1271\/revisions"}],"predecessor-version":[{"id":1284,"href":"https:\/\/www.ar-architectes.com\/fr\/wp-json\/wp\/v2\/projet\/1271\/revisions\/1284"}],"wp:featuredmedia":[{"embeddable":true,"href":"https:\/\/www.ar-architectes.com\/fr\/wp-json\/wp\/v2\/media\/1275"}],"wp:attachment":[{"href":"https:\/\/www.ar-architectes.com\/fr\/wp-json\/wp\/v2\/media?parent=1271"}],"wp:term":[{"taxonomy":"category","embeddable":true,"href":"https:\/\/www.ar-architectes.com\/fr\/wp-json\/wp\/v2\/categories?post=1271"},{"taxonomy":"post_tag","embeddable":true,"href":"https:\/\/www.ar-architectes.com\/fr\/wp-json\/wp\/v2\/tags?post=1271"}],"curies":[{"name":"wp","href":"https:\/\/api.w.org\/{rel}","templated":true}]}}

<div data-elementor-type="wp-post" data-elementor-id="1271" class="elementor elementor-1271">
				<div class="elementor-element elementor-element-75bc04f e-flex e-con-boxed e-con e-parent" data-id="75bc04f" data-element_type="container" data-e-type="container">
					<div class="e-con-inner">
				<div class="elementor-element elementor-element-09f10ea elementor-widget elementor-widget-heading" data-id="09f10ea" data-element_type="widget" data-e-type="widget" data-widget_type="heading.default">
				<div class="elementor-widget-container">
					<h2 class="elementor-heading-title elementor-size-default">Éco-Rénovation du Centre de Valorisation Énergétique du SIGIDURS à Sarcelles (95) – Terre de Sarcelles</h2>				</div>
				</div>
					</div>
				</div>
		<div class="elementor-element elementor-element-1cfadb7 e-flex e-con-boxed e-con e-parent" data-id="1cfadb7" data-element_type="container" data-e-type="container">
					<div class="e-con-inner">
		<div class="elementor-element elementor-element-a5b518f e-con-full e-flex e-con e-child" data-id="a5b518f" data-element_type="container" data-e-type="container">
				<div class="elementor-element elementor-element-552c5b8 projets-highlight elementor-widget elementor-widget-text-editor" data-id="552c5b8" data-element_type="widget" data-e-type="widget" data-widget_type="text-editor.default">
				<div class="elementor-widget-container">
									<p><strong>Maître d’ouvrage :</strong> SIGIDURS</p><p><strong>Localisation :</strong> Sarcelles (95)</p><p><strong>Projet :</strong> Conception architecturale et paysagère de la rénovation du Centre de Valorisation Energétique</p><p><strong>Mission :</strong> Maîtrise d’oeuvre complète architecturale et paysagère</p><p><strong>Maîtrise d’œuvre : </strong>AR ARCHITECTES, VERDI, BG INGENIEURS CONSEILS</p><p><strong>Surface : </strong>Parcelle : 30 000 m², Bâtiment : 10 050 m²</p><p><strong>Budget :</strong> 9 000 000 € HT</p><p><strong>Calendrier : </strong>Concours 2020</p>								</div>
				</div>
				<div class="elementor-element elementor-element-f8595a0 elementor-widget elementor-widget-text-editor" data-id="f8595a0" data-element_type="widget" data-e-type="widget" data-widget_type="text-editor.default">
				<div class="elementor-widget-container">
									<p>Le parti pris architectural, paysage et environnemental du projet de rénovation du Centre de</p><p>Valorisation Energétique du SIGIDURS s’articule autour de trois idées fortes :</p><ol><li>Homogénéiser les différents bâtiments et volumes du CVE afin de faire apparaitre une seule unité architecturale : créer un socle gris.</li><li>Mettre en valeur la zone de process qui représente le cœur même de l’Usine et la démarche du SIGIDURS; créer une enveloppe métallique ajourée teinte “fleur de rouille”</li><li>Végétaliser intensément la parcelle dans l’ambition de la rendre perméable, pérenne et de l’intégrer harmonieusement aux environnements proches et lointains.</li></ol>								</div>
				</div>
				</div>
		<div class="elementor-element elementor-element-6f696fa e-con-full e-flex e-con e-child" data-id="6f696fa" data-element_type="container" data-e-type="container">
				<div class="elementor-element elementor-element-a1efa67 elementor-widget elementor-widget-slider_revolution" data-id="a1efa67" data-element_type="widget" data-e-type="widget" data-widget_type="slider_revolution.default">
				<div class="elementor-widget-container">
					
		<div class="wp-block-themepunch-revslider">
			<!-- START Terre de Sarcelles REVOLUTION SLIDER 6.6.16 --><p class="rs-p-wp-fix"></p>
			<rs-module-wrap id="rev_slider_27_1_wrapper" data-source="gallery" style="visibility:hidden;background:transparent;padding:0;margin:0px auto;margin-top:0;margin-bottom:0;">
				<rs-module id="rev_slider_27_1" style="" data-version="6.6.16">
					<rs-slides style="overflow: hidden; position: absolute;">
						<rs-slide style="position: absolute;" data-key="rs-325" data-title="Slide" data-thumb="//www.ar-architectes.com/wp-content/uploads/2023/11/1-6-scaled.jpg" data-in="o:0;" data-out="a:false;">
							<img fetchpriority="high" decoding="async" src="//www.ar-architectes.com/wp-content/plugins/revslider/public/assets/assets/dummy.png" alt="" title="1" width="2560" height="1707" class="rev-slidebg tp-rs-img rs-lazyload" data-lazyload="//www.ar-architectes.com/wp-content/uploads/2023/11/1-6-scaled.jpg" data-no-retina>
<!---->						</rs-slide>
						<rs-slide style="position: absolute;" data-key="rs-326" data-title="Slide" data-thumb="//www.ar-architectes.com/wp-content/uploads/2023/11/2-6-scaled.jpg" data-in="o:0;" data-out="a:false;">
							<img decoding="async" src="//www.ar-architectes.com/wp-content/plugins/revslider/public/assets/assets/dummy.png" alt="" title="2" width="2560" height="1707" class="rev-slidebg tp-rs-img rs-lazyload" data-lazyload="//www.ar-architectes.com/wp-content/uploads/2023/11/2-6-scaled.jpg" data-no-retina>
<!---->						</rs-slide>
						<rs-slide style="position: absolute;" data-key="rs-327" data-title="Slide" data-thumb="//www.ar-architectes.com/wp-content/uploads/2023/11/3-5.jpg" data-in="o:0;" data-out="a:false;">
							<img decoding="async" src="//www.ar-architectes.com/wp-content/plugins/revslider/public/assets/assets/dummy.png" alt="" title="3" width="1619" height="1209" class="rev-slidebg tp-rs-img rs-lazyload" data-lazyload="//www.ar-architectes.com/wp-content/uploads/2023/11/3-5.jpg" data-no-retina>
<!---->						</rs-slide>
						<rs-slide style="position: absolute;" data-key="rs-328" data-title="Slide" data-thumb="//www.ar-architectes.com/wp-content/uploads/2023/11/4-4-scaled.jpg" data-in="o:0;" data-out="a:false;">
							<img loading="lazy" decoding="async" src="//www.ar-architectes.com/wp-content/plugins/revslider/public/assets/assets/dummy.png" alt="" title="\192.168.1.22agenceAPPEL D&rsquo;OFFRE_CONCOURSAR_CONCOURS MOEEN" width="2560" height="1613" class="rev-slidebg tp-rs-img rs-lazyload" data-lazyload="//www.ar-architectes.com/wp-content/uploads/2023/11/4-4-scaled.jpg" data-no-retina>
<!---->						</rs-slide>
						<rs-slide style="position: absolute;" data-key="rs-329" data-title="Slide" data-thumb="//www.ar-architectes.com/wp-content/uploads/2023/11/5-4-scaled.jpg" data-in="o:0;" data-out="a:false;">
							<img loading="lazy" decoding="async" src="//www.ar-architectes.com/wp-content/plugins/revslider/public/assets/assets/dummy.png" alt="" title="AR_3219_ELEVATION FACADE NORD A3 500_281119" width="2560" height="1434" class="rev-slidebg tp-rs-img rs-lazyload" data-lazyload="//www.ar-architectes.com/wp-content/uploads/2023/11/5-4-scaled.jpg" data-no-retina>
<!---->						</rs-slide>
						<rs-slide style="position: absolute;" data-key="rs-330" data-title="Slide" data-thumb="//www.ar-architectes.com/wp-content/uploads/2023/11/6-3-scaled.jpg" data-in="o:0;" data-out="a:false;">
							<img loading="lazy" decoding="async" src="//www.ar-architectes.com/wp-content/plugins/revslider/public/assets/assets/dummy.png" alt="" title="\SERVEUR-ARagenceAPPEL D&rsquo;OFFRE_CONCOURSAR_CONCOURS MOEEN CO" width="2560" height="1404" class="rev-slidebg tp-rs-img rs-lazyload" data-lazyload="//www.ar-architectes.com/wp-content/uploads/2023/11/6-3-scaled.jpg" data-no-retina>
<!---->						</rs-slide>
						<rs-slide style="position: absolute;" data-key="rs-331" data-title="Slide" data-thumb="//www.ar-architectes.com/wp-content/uploads/2023/11/7-3-scaled.jpg" data-in="o:0;" data-out="a:false;">
							<img loading="lazy" decoding="async" src="//www.ar-architectes.com/wp-content/plugins/revslider/public/assets/assets/dummy.png" alt="" title="\SERVEUR-ARagenceAPPEL D&rsquo;OFFRE_CONCOURSAR_CONCOURS MOEEN CO" width="2560" height="1493" class="rev-slidebg tp-rs-img rs-lazyload" data-lazyload="//www.ar-architectes.com/wp-content/uploads/2023/11/7-3-scaled.jpg" data-no-retina>
<!---->						</rs-slide>
					</rs-slides>
					<rs-static-layers><!--
					--></rs-static-layers>
				</rs-module>
				<script>
					setREVStartSize({c: 'rev_slider_27_1',rl:[1240,1024,778,480],el:[900],gw:[1240],gh:[900],type:'carousel',justify:'',layout:'fullwidth',thumbh:"180",mh:"0"});if (window.RS_MODULES!==undefined && window.RS_MODULES.modules!==undefined && window.RS_MODULES.modules["revslider271"]!==undefined) {window.RS_MODULES.modules["revslider271"].once = false;window.revapi27 = undefined;if (window.RS_MODULES.checkMinimal!==undefined) window.RS_MODULES.checkMinimal()}
				</script>
			</rs-module-wrap>
			<!-- END REVOLUTION SLIDER -->
</div>

						</div>
				</div>
				</div>
					</div>
				</div>
		<div class="elementor-element elementor-element-4d1be87 e-flex e-con-boxed e-con e-parent" data-id="4d1be87" data-element_type="container" data-e-type="container">
					<div class="e-con-inner">
				<div class="elementor-element elementor-element-d34259d download-file-button elementor-widget elementor-widget-bridge_icon_text" data-id="d34259d" data-element_type="widget" data-e-type="widget" data-widget_type="bridge_icon_text.default">
				<div class="elementor-widget-container">
					<div class='q_icon_with_title small normal_icon '><div class="icon_holder " style=" "><span data-icon-type="normal"   style="" class="qode_iwt_icon_holder q_font_awsome_icon fa-2x  "><i class="qode_icon_font_awesome fa fa-download qode_iwt_icon_element" style="color: #66B545;" ></i></span></div><div class="icon_text_holder" style=""><div class="icon_text_inner" style=""><h5 class="icon_title" style="color: #000000;font-weight: 700;"></h5><p style='color: #000000'></p><a itemprop='url' class='icon_with_title_link' href='https://www.ar-architectes.com/wp-content/uploads/2023/11/AR_SIGIDURS_SARCELLES_FRANCAIS.pdf' target='_self' style='color: #000000;'>TÉLÉCHARGER LA FICHE COMPLÈTE DE CE PROJET</a></div></div></div>				</div>
				</div>
					</div>
				</div>
				</div>
