{"id":1312,"date":"2023-11-29T10:08:30","date_gmt":"2023-11-29T10:08:30","guid":{"rendered":"https:\/\/www.ar-architectes.com\/?post_type=projet&#038;p=1312"},"modified":"2023-11-29T10:23:41","modified_gmt":"2023-11-29T10:23:41","slug":"valenciennes-59","status":"publish","type":"projet","link":"https:\/\/www.ar-architectes.com\/fr\/projet\/valenciennes-59\/","title":{"rendered":"Valenciennes (59)"},"content":{"rendered":"\t\t<div data-elementor-type=\"wp-post\" data-elementor-id=\"1312\" class=\"elementor elementor-1312\">\n\t\t\t\t<div class=\"elementor-element elementor-element-75bc04f e-flex e-con-boxed e-con e-parent\" data-id=\"75bc04f\" data-element_type=\"container\" data-e-type=\"container\">\n\t\t\t\t\t<div class=\"e-con-inner\">\n\t\t\t\t<div class=\"elementor-element elementor-element-09f10ea elementor-widget elementor-widget-heading\" data-id=\"09f10ea\" data-element_type=\"widget\" data-e-type=\"widget\" data-widget_type=\"heading.default\">\n\t\t\t\t<div class=\"elementor-widget-container\">\n\t\t\t\t\t<h2 class=\"elementor-heading-title elementor-size-default\">\u00c9co-Construction de la Station de Traitement des Eaux Us\u00e9es de Valenciennes (59)<\/h2>\t\t\t\t<\/div>\n\t\t\t\t<\/div>\n\t\t\t\t\t<\/div>\n\t\t\t\t<\/div>\n\t\t<div class=\"elementor-element elementor-element-1cfadb7 e-flex e-con-boxed e-con e-parent\" data-id=\"1cfadb7\" data-element_type=\"container\" data-e-type=\"container\">\n\t\t\t\t\t<div class=\"e-con-inner\">\n\t\t<div class=\"elementor-element elementor-element-a5b518f e-con-full e-flex e-con e-child\" data-id=\"a5b518f\" data-element_type=\"container\" data-e-type=\"container\">\n\t\t\t\t<div class=\"elementor-element elementor-element-552c5b8 projets-highlight elementor-widget elementor-widget-text-editor\" data-id=\"552c5b8\" data-element_type=\"widget\" data-e-type=\"widget\" data-widget_type=\"text-editor.default\">\n\t\t\t\t<div class=\"elementor-widget-container\">\n\t\t\t\t\t\t\t\t\t<p><strong>Ma\u00eetre d\u2019ouvrage\u00a0:<\/strong> SIAV &#8211; Syndicat Intercommunal d\u2019Assainissment de Valenciennes<\/p><p><strong>Localisation\u00a0:<\/strong> Valenciennes (59)<\/p><p><strong>Projet\u00a0:<\/strong> Station d\u2019\u00e9puration z\u00e9ro nuisance et \u00e0 \u00e9nergie positive<\/p><p><strong>Mission\u00a0:<\/strong> Concours Architecture HQE\u00ae et paysage<\/p><p><strong>Ma\u00eetrise d\u2019\u0153uvre\u00a0: <\/strong>AR ARCHITECTES, DEALZUA, DEGREMONT, BG, AMODIAG, VERDI, AIRELE<\/p><p><strong>Surface\u00a0: <\/strong>B\u00e2ti 5 600m\u00b2, Parcelle 80 000m\u00b2<\/p><p><strong>Budget\u00a0:<\/strong> 4 000 000 \u20ac HT<\/p><p><strong>Calendrier\u00a0: <\/strong>Concours 2014<\/p>\t\t\t\t\t\t\t\t<\/div>\n\t\t\t\t<\/div>\n\t\t\t\t<div class=\"elementor-element elementor-element-f8595a0 elementor-widget elementor-widget-text-editor\" data-id=\"f8595a0\" data-element_type=\"widget\" data-e-type=\"widget\" data-widget_type=\"text-editor.default\">\n\t\t\t\t<div class=\"elementor-widget-container\">\n\t\t\t\t\t\t\t\t\t<p>Le site de la future station d\u2019\u00e9puration se situe sur la commune de Valenciennes, dans une zone de 23 ha, en partie Nord de la ville. L\u2019objectif est de cr\u00e9er une station d\u2019\u00e9puration, qui soit le moteur de la cr\u00e9ation d\u2019un nouveau quartier, d\u2019un morceau de ville renouvel\u00e9e \u2018le quartier de l\u2019Epaix\u2019. Ce fragment de ville, \u00e0 dominante actuelle naturelle, va amorcer sa reconversion pour passer d\u2019un site industriel d\u00e9laiss\u00e9, \u00e0 un tissu urbain r\u00e9fl\u00e9chi, qualitatif et respectueux de la richesse paysag\u00e8re et \u00e9cologique en place sur le terrain.<\/p>\t\t\t\t\t\t\t\t<\/div>\n\t\t\t\t<\/div>\n\t\t\t\t<\/div>\n\t\t<div class=\"elementor-element elementor-element-6f696fa e-con-full e-flex e-con e-child\" data-id=\"6f696fa\" data-element_type=\"container\" data-e-type=\"container\">\n\t\t\t\t<div class=\"elementor-element elementor-element-a1efa67 elementor-widget elementor-widget-slider_revolution\" data-id=\"a1efa67\" data-element_type=\"widget\" data-e-type=\"widget\" data-widget_type=\"slider_revolution.default\">\n\t\t\t\t<div class=\"elementor-widget-container\">\n\t\t\t\t\t\n\t\t<div class=\"wp-block-themepunch-revslider\">\n\t\t\t<!-- START Valenciennes REVOLUTION SLIDER 6.6.16 --><p class=\"rs-p-wp-fix\"><\/p>\n\t\t\t<rs-module-wrap id=\"rev_slider_29_1_wrapper\" data-source=\"gallery\" style=\"visibility:hidden;background:transparent;padding:0;margin:0px auto;margin-top:0;margin-bottom:0;\">\n\t\t\t\t<rs-module id=\"rev_slider_29_1\" style=\"\" data-version=\"6.6.16\">\n\t\t\t\t\t<rs-slides style=\"overflow: hidden; position: absolute;\">\n\t\t\t\t\t\t<rs-slide style=\"position: absolute;\" data-key=\"rs-349\" data-title=\"Slide\" data-thumb=\"\/\/www.ar-architectes.com\/wp-content\/uploads\/2023\/11\/1-8-scaled.jpg\" data-in=\"o:0;\" data-out=\"a:false;\">\n\t\t\t\t\t\t\t<img fetchpriority=\"high\" decoding=\"async\" src=\"\/\/www.ar-architectes.com\/wp-content\/plugins\/revslider\/public\/assets\/assets\/dummy.png\" alt=\"\" title=\"1\" width=\"2560\" height=\"1237\" class=\"rev-slidebg tp-rs-img rs-lazyload\" data-lazyload=\"\/\/www.ar-architectes.com\/wp-content\/uploads\/2023\/11\/1-8-scaled.jpg\" data-no-retina>\n<!---->\t\t\t\t\t\t<\/rs-slide>\n\t\t\t\t\t\t<rs-slide style=\"position: absolute;\" data-key=\"rs-350\" data-title=\"Slide\" data-thumb=\"\/\/www.ar-architectes.com\/wp-content\/uploads\/2023\/11\/2-8-scaled.jpg\" data-in=\"o:0;\" data-out=\"a:false;\">\n\t\t\t\t\t\t\t<img decoding=\"async\" src=\"\/\/www.ar-architectes.com\/wp-content\/plugins\/revslider\/public\/assets\/assets\/dummy.png\" alt=\"\" title=\"2\" width=\"2560\" height=\"1237\" class=\"rev-slidebg tp-rs-img rs-lazyload\" data-lazyload=\"\/\/www.ar-architectes.com\/wp-content\/uploads\/2023\/11\/2-8-scaled.jpg\" data-no-retina>\n<!---->\t\t\t\t\t\t<\/rs-slide>\n\t\t\t\t\t\t<rs-slide style=\"position: absolute;\" data-key=\"rs-351\" data-title=\"Slide\" data-thumb=\"\/\/www.ar-architectes.com\/wp-content\/uploads\/2023\/11\/4-6.jpg\" data-in=\"o:0;\" data-out=\"a:false;\">\n\t\t\t\t\t\t\t<img decoding=\"async\" src=\"\/\/www.ar-architectes.com\/wp-content\/plugins\/revslider\/public\/assets\/assets\/dummy.png\" alt=\"\" title=\"4\" width=\"1427\" height=\"1417\" class=\"rev-slidebg tp-rs-img rs-lazyload\" data-lazyload=\"\/\/www.ar-architectes.com\/wp-content\/uploads\/2023\/11\/4-6.jpg\" data-no-retina>\n<!---->\t\t\t\t\t\t<\/rs-slide>\n\t\t\t\t\t\t<rs-slide style=\"position: absolute;\" data-key=\"rs-352\" data-title=\"Slide\" data-thumb=\"\/\/www.ar-architectes.com\/wp-content\/uploads\/2023\/11\/6-5.jpg\" data-in=\"o:0;\" data-out=\"a:false;\">\n\t\t\t\t\t\t\t<img loading=\"lazy\" decoding=\"async\" src=\"\/\/www.ar-architectes.com\/wp-content\/plugins\/revslider\/public\/assets\/assets\/dummy.png\" alt=\"\" title=\"6\" width=\"1417\" height=\"1417\" class=\"rev-slidebg tp-rs-img rs-lazyload\" data-lazyload=\"\/\/www.ar-architectes.com\/wp-content\/uploads\/2023\/11\/6-5.jpg\" data-no-retina>\n<!---->\t\t\t\t\t\t<\/rs-slide>\n\t\t\t\t\t\t<rs-slide style=\"position: absolute;\" data-key=\"rs-353\" data-title=\"Slide\" data-thumb=\"\/\/www.ar-architectes.com\/wp-content\/uploads\/2023\/11\/7-5-scaled.jpg\" data-in=\"o:0;\" data-out=\"a:false;\">\n\t\t\t\t\t\t\t<img loading=\"lazy\" decoding=\"async\" src=\"\/\/www.ar-architectes.com\/wp-content\/plugins\/revslider\/public\/assets\/assets\/dummy.png\" alt=\"\" title=\"7\" width=\"2560\" height=\"1843\" class=\"rev-slidebg tp-rs-img rs-lazyload\" data-lazyload=\"\/\/www.ar-architectes.com\/wp-content\/uploads\/2023\/11\/7-5-scaled.jpg\" data-no-retina>\n<!---->\t\t\t\t\t\t<\/rs-slide>\n\t\t\t\t\t\t<rs-slide style=\"position: absolute;\" data-key=\"rs-354\" data-title=\"Slide\" data-thumb=\"\/\/www.ar-architectes.com\/wp-content\/uploads\/2023\/11\/8-4-scaled.jpg\" data-in=\"o:0;\" data-out=\"a:false;\">\n\t\t\t\t\t\t\t<img loading=\"lazy\" decoding=\"async\" src=\"\/\/www.ar-architectes.com\/wp-content\/plugins\/revslider\/public\/assets\/assets\/dummy.png\" alt=\"\" title=\"8\" width=\"2560\" height=\"1591\" class=\"rev-slidebg tp-rs-img rs-lazyload\" data-lazyload=\"\/\/www.ar-architectes.com\/wp-content\/uploads\/2023\/11\/8-4-scaled.jpg\" data-no-retina>\n<!---->\t\t\t\t\t\t<\/rs-slide>\n\t\t\t\t\t\t<rs-slide style=\"position: absolute;\" data-key=\"rs-355\" data-title=\"Slide\" data-thumb=\"\/\/www.ar-architectes.com\/wp-content\/uploads\/2023\/11\/9-3.jpg\" data-in=\"o:0;\" data-out=\"a:false;\">\n\t\t\t\t\t\t\t<img loading=\"lazy\" decoding=\"async\" src=\"\/\/www.ar-architectes.com\/wp-content\/plugins\/revslider\/public\/assets\/assets\/dummy.png\" alt=\"\" title=\"9\" width=\"2482\" height=\"1755\" class=\"rev-slidebg tp-rs-img rs-lazyload\" data-lazyload=\"\/\/www.ar-architectes.com\/wp-content\/uploads\/2023\/11\/9-3.jpg\" data-no-retina>\n<!---->\t\t\t\t\t\t<\/rs-slide>\n\t\t\t\t\t<\/rs-slides>\n\t\t\t\t\t<rs-static-layers><!--\n\t\t\t\t\t--><\/rs-static-layers>\n\t\t\t\t<\/rs-module>\n\t\t\t\t<script>\n\t\t\t\t\tsetREVStartSize({c: 'rev_slider_29_1',rl:[1240,1024,778,480],el:[900],gw:[1240],gh:[900],type:'carousel',justify:'',layout:'fullwidth',thumbh:\"180\",mh:\"0\"});if (window.RS_MODULES!==undefined && window.RS_MODULES.modules!==undefined && window.RS_MODULES.modules[\"revslider291\"]!==undefined) {window.RS_MODULES.modules[\"revslider291\"].once = false;window.revapi29 = undefined;if (window.RS_MODULES.checkMinimal!==undefined) window.RS_MODULES.checkMinimal()}\n\t\t\t\t<\/script>\n\t\t\t<\/rs-module-wrap>\n\t\t\t<!-- END REVOLUTION SLIDER -->\n<\/div>\n\n\t\t\t\t\t\t<\/div>\n\t\t\t\t<\/div>\n\t\t\t\t<\/div>\n\t\t\t\t\t<\/div>\n\t\t\t\t<\/div>\n\t\t<div class=\"elementor-element elementor-element-4d1be87 e-flex e-con-boxed e-con e-parent\" data-id=\"4d1be87\" data-element_type=\"container\" data-e-type=\"container\">\n\t\t\t\t\t<div class=\"e-con-inner\">\n\t\t\t\t<div class=\"elementor-element elementor-element-d34259d download-file-button elementor-widget elementor-widget-bridge_icon_text\" data-id=\"d34259d\" data-element_type=\"widget\" data-e-type=\"widget\" data-widget_type=\"bridge_icon_text.default\">\n\t\t\t\t<div class=\"elementor-widget-container\">\n\t\t\t\t\t<div class='q_icon_with_title small normal_icon '><div class=\"icon_holder \" style=\" \"><span data-icon-type=\"normal\"   style=\"\" class=\"qode_iwt_icon_holder q_font_awsome_icon fa-2x  \"><i class=\"qode_icon_font_awesome fa fa-download qode_iwt_icon_element\" style=\"color: #66B545;\" ><\/i><\/span><\/div><div class=\"icon_text_holder\" style=\"\"><div class=\"icon_text_inner\" style=\"\"><h5 class=\"icon_title\" style=\"color: #000000;font-weight: 700;\"><\/h5><p style='color: #000000'><\/p><a itemprop='url' class='icon_with_title_link' href='https:\/\/www.ar-architectes.com\/wp-content\/uploads\/2023\/11\/AR_VALENCIENNES_FRANCAIS.pdf' target='_self' style='color: #000000;'>T\u00c9L\u00c9CHARGER LA FICHE COMPL\u00c8TE DE CE PROJET<\/a><\/div><\/div><\/div>\t\t\t\t<\/div>\n\t\t\t\t<\/div>\n\t\t\t\t\t<\/div>\n\t\t\t\t<\/div>\n\t\t\t\t<\/div>\n\t\t","protected":false},"excerpt":{"rendered":"<p>Le site de la future station d\u2019\u00e9puration se situe sur la commune de Valenciennes, dans une zone de 23 ha, en partie Nord de la ville.<\/p>\n","protected":false},"featured_media":1319,"template":"","categories":[3],"tags":[6],"class_list":["post-1312","projet","type-projet","status-publish","has-post-thumbnail","hentry","category-france","tag-eco-construction"],"_links":{"self":[{"href":"https:\/\/www.ar-architectes.com\/fr\/wp-json\/wp\/v2\/projet\/1312","targetHints":{"allow":["GET"]}}],"collection":[{"href":"https:\/\/www.ar-architectes.com\/fr\/wp-json\/wp\/v2\/projet"}],"about":[{"href":"https:\/\/www.ar-architectes.com\/fr\/wp-json\/wp\/v2\/types\/projet"}],"version-history":[{"count":5,"href":"https:\/\/www.ar-architectes.com\/fr\/wp-json\/wp\/v2\/projet\/1312\/revisions"}],"predecessor-version":[{"id":1329,"href":"https:\/\/www.ar-architectes.com\/fr\/wp-json\/wp\/v2\/projet\/1312\/revisions\/1329"}],"wp:featuredmedia":[{"embeddable":true,"href":"https:\/\/www.ar-architectes.com\/fr\/wp-json\/wp\/v2\/media\/1319"}],"wp:attachment":[{"href":"https:\/\/www.ar-architectes.com\/fr\/wp-json\/wp\/v2\/media?parent=1312"}],"wp:term":[{"taxonomy":"category","embeddable":true,"href":"https:\/\/www.ar-architectes.com\/fr\/wp-json\/wp\/v2\/categories?post=1312"},{"taxonomy":"post_tag","embeddable":true,"href":"https:\/\/www.ar-architectes.com\/fr\/wp-json\/wp\/v2\/tags?post=1312"}],"curies":[{"name":"wp","href":"https:\/\/api.w.org\/{rel}","templated":true}]}}

<div data-elementor-type="wp-post" data-elementor-id="1312" class="elementor elementor-1312">
				<div class="elementor-element elementor-element-75bc04f e-flex e-con-boxed e-con e-parent" data-id="75bc04f" data-element_type="container" data-e-type="container">
					<div class="e-con-inner">
				<div class="elementor-element elementor-element-09f10ea elementor-widget elementor-widget-heading" data-id="09f10ea" data-element_type="widget" data-e-type="widget" data-widget_type="heading.default">
				<div class="elementor-widget-container">
					<h2 class="elementor-heading-title elementor-size-default">Éco-Construction de la Station de Traitement des Eaux Usées de Valenciennes (59)</h2>				</div>
				</div>
					</div>
				</div>
		<div class="elementor-element elementor-element-1cfadb7 e-flex e-con-boxed e-con e-parent" data-id="1cfadb7" data-element_type="container" data-e-type="container">
					<div class="e-con-inner">
		<div class="elementor-element elementor-element-a5b518f e-con-full e-flex e-con e-child" data-id="a5b518f" data-element_type="container" data-e-type="container">
				<div class="elementor-element elementor-element-552c5b8 projets-highlight elementor-widget elementor-widget-text-editor" data-id="552c5b8" data-element_type="widget" data-e-type="widget" data-widget_type="text-editor.default">
				<div class="elementor-widget-container">
									<p><strong>Maître d’ouvrage :</strong> SIAV &#8211; Syndicat Intercommunal d’Assainissment de Valenciennes</p><p><strong>Localisation :</strong> Valenciennes (59)</p><p><strong>Projet :</strong> Station d’épuration zéro nuisance et à énergie positive</p><p><strong>Mission :</strong> Concours Architecture HQE® et paysage</p><p><strong>Maîtrise d’œuvre : </strong>AR ARCHITECTES, DEALZUA, DEGREMONT, BG, AMODIAG, VERDI, AIRELE</p><p><strong>Surface : </strong>Bâti 5 600m², Parcelle 80 000m²</p><p><strong>Budget :</strong> 4 000 000 € HT</p><p><strong>Calendrier : </strong>Concours 2014</p>								</div>
				</div>
				<div class="elementor-element elementor-element-f8595a0 elementor-widget elementor-widget-text-editor" data-id="f8595a0" data-element_type="widget" data-e-type="widget" data-widget_type="text-editor.default">
				<div class="elementor-widget-container">
									<p>Le site de la future station d’épuration se situe sur la commune de Valenciennes, dans une zone de 23 ha, en partie Nord de la ville. L’objectif est de créer une station d’épuration, qui soit le moteur de la création d’un nouveau quartier, d’un morceau de ville renouvelée ‘le quartier de l’Epaix’. Ce fragment de ville, à dominante actuelle naturelle, va amorcer sa reconversion pour passer d’un site industriel délaissé, à un tissu urbain réfléchi, qualitatif et respectueux de la richesse paysagère et écologique en place sur le terrain.</p>								</div>
				</div>
				</div>
		<div class="elementor-element elementor-element-6f696fa e-con-full e-flex e-con e-child" data-id="6f696fa" data-element_type="container" data-e-type="container">
				<div class="elementor-element elementor-element-a1efa67 elementor-widget elementor-widget-slider_revolution" data-id="a1efa67" data-element_type="widget" data-e-type="widget" data-widget_type="slider_revolution.default">
				<div class="elementor-widget-container">
					
		<div class="wp-block-themepunch-revslider">
			<!-- START Valenciennes REVOLUTION SLIDER 6.6.16 --><p class="rs-p-wp-fix"></p>
			<rs-module-wrap id="rev_slider_29_1_wrapper" data-source="gallery" style="visibility:hidden;background:transparent;padding:0;margin:0px auto;margin-top:0;margin-bottom:0;">
				<rs-module id="rev_slider_29_1" style="" data-version="6.6.16">
					<rs-slides style="overflow: hidden; position: absolute;">
						<rs-slide style="position: absolute;" data-key="rs-349" data-title="Slide" data-thumb="//www.ar-architectes.com/wp-content/uploads/2023/11/1-8-scaled.jpg" data-in="o:0;" data-out="a:false;">
							<img fetchpriority="high" decoding="async" src="//www.ar-architectes.com/wp-content/plugins/revslider/public/assets/assets/dummy.png" alt="" title="1" width="2560" height="1237" class="rev-slidebg tp-rs-img rs-lazyload" data-lazyload="//www.ar-architectes.com/wp-content/uploads/2023/11/1-8-scaled.jpg" data-no-retina>
<!---->						</rs-slide>
						<rs-slide style="position: absolute;" data-key="rs-350" data-title="Slide" data-thumb="//www.ar-architectes.com/wp-content/uploads/2023/11/2-8-scaled.jpg" data-in="o:0;" data-out="a:false;">
							<img decoding="async" src="//www.ar-architectes.com/wp-content/plugins/revslider/public/assets/assets/dummy.png" alt="" title="2" width="2560" height="1237" class="rev-slidebg tp-rs-img rs-lazyload" data-lazyload="//www.ar-architectes.com/wp-content/uploads/2023/11/2-8-scaled.jpg" data-no-retina>
<!---->						</rs-slide>
						<rs-slide style="position: absolute;" data-key="rs-351" data-title="Slide" data-thumb="//www.ar-architectes.com/wp-content/uploads/2023/11/4-6.jpg" data-in="o:0;" data-out="a:false;">
							<img decoding="async" src="//www.ar-architectes.com/wp-content/plugins/revslider/public/assets/assets/dummy.png" alt="" title="4" width="1427" height="1417" class="rev-slidebg tp-rs-img rs-lazyload" data-lazyload="//www.ar-architectes.com/wp-content/uploads/2023/11/4-6.jpg" data-no-retina>
<!---->						</rs-slide>
						<rs-slide style="position: absolute;" data-key="rs-352" data-title="Slide" data-thumb="//www.ar-architectes.com/wp-content/uploads/2023/11/6-5.jpg" data-in="o:0;" data-out="a:false;">
							<img loading="lazy" decoding="async" src="//www.ar-architectes.com/wp-content/plugins/revslider/public/assets/assets/dummy.png" alt="" title="6" width="1417" height="1417" class="rev-slidebg tp-rs-img rs-lazyload" data-lazyload="//www.ar-architectes.com/wp-content/uploads/2023/11/6-5.jpg" data-no-retina>
<!---->						</rs-slide>
						<rs-slide style="position: absolute;" data-key="rs-353" data-title="Slide" data-thumb="//www.ar-architectes.com/wp-content/uploads/2023/11/7-5-scaled.jpg" data-in="o:0;" data-out="a:false;">
							<img loading="lazy" decoding="async" src="//www.ar-architectes.com/wp-content/plugins/revslider/public/assets/assets/dummy.png" alt="" title="7" width="2560" height="1843" class="rev-slidebg tp-rs-img rs-lazyload" data-lazyload="//www.ar-architectes.com/wp-content/uploads/2023/11/7-5-scaled.jpg" data-no-retina>
<!---->						</rs-slide>
						<rs-slide style="position: absolute;" data-key="rs-354" data-title="Slide" data-thumb="//www.ar-architectes.com/wp-content/uploads/2023/11/8-4-scaled.jpg" data-in="o:0;" data-out="a:false;">
							<img loading="lazy" decoding="async" src="//www.ar-architectes.com/wp-content/plugins/revslider/public/assets/assets/dummy.png" alt="" title="8" width="2560" height="1591" class="rev-slidebg tp-rs-img rs-lazyload" data-lazyload="//www.ar-architectes.com/wp-content/uploads/2023/11/8-4-scaled.jpg" data-no-retina>
<!---->						</rs-slide>
						<rs-slide style="position: absolute;" data-key="rs-355" data-title="Slide" data-thumb="//www.ar-architectes.com/wp-content/uploads/2023/11/9-3.jpg" data-in="o:0;" data-out="a:false;">
							<img loading="lazy" decoding="async" src="//www.ar-architectes.com/wp-content/plugins/revslider/public/assets/assets/dummy.png" alt="" title="9" width="2482" height="1755" class="rev-slidebg tp-rs-img rs-lazyload" data-lazyload="//www.ar-architectes.com/wp-content/uploads/2023/11/9-3.jpg" data-no-retina>
<!---->						</rs-slide>
					</rs-slides>
					<rs-static-layers><!--
					--></rs-static-layers>
				</rs-module>
				<script>
					setREVStartSize({c: 'rev_slider_29_1',rl:[1240,1024,778,480],el:[900],gw:[1240],gh:[900],type:'carousel',justify:'',layout:'fullwidth',thumbh:"180",mh:"0"});if (window.RS_MODULES!==undefined && window.RS_MODULES.modules!==undefined && window.RS_MODULES.modules["revslider291"]!==undefined) {window.RS_MODULES.modules["revslider291"].once = false;window.revapi29 = undefined;if (window.RS_MODULES.checkMinimal!==undefined) window.RS_MODULES.checkMinimal()}
				</script>
			</rs-module-wrap>
			<!-- END REVOLUTION SLIDER -->
</div>

						</div>
				</div>
				</div>
					</div>
				</div>
		<div class="elementor-element elementor-element-4d1be87 e-flex e-con-boxed e-con e-parent" data-id="4d1be87" data-element_type="container" data-e-type="container">
					<div class="e-con-inner">
				<div class="elementor-element elementor-element-d34259d download-file-button elementor-widget elementor-widget-bridge_icon_text" data-id="d34259d" data-element_type="widget" data-e-type="widget" data-widget_type="bridge_icon_text.default">
				<div class="elementor-widget-container">
					<div class='q_icon_with_title small normal_icon '><div class="icon_holder " style=" "><span data-icon-type="normal"   style="" class="qode_iwt_icon_holder q_font_awsome_icon fa-2x  "><i class="qode_icon_font_awesome fa fa-download qode_iwt_icon_element" style="color: #66B545;" ></i></span></div><div class="icon_text_holder" style=""><div class="icon_text_inner" style=""><h5 class="icon_title" style="color: #000000;font-weight: 700;"></h5><p style='color: #000000'></p><a itemprop='url' class='icon_with_title_link' href='https://www.ar-architectes.com/wp-content/uploads/2023/11/AR_VALENCIENNES_FRANCAIS.pdf' target='_self' style='color: #000000;'>TÉLÉCHARGER LA FICHE COMPLÈTE DE CE PROJET</a></div></div></div>				</div>
				</div>
					</div>
				</div>
				</div>

<p>Le site de la future station d’épuration se situe sur la commune de Valenciennes, dans une zone de 23 ha, en partie Nord de la ville.</p>
