{"id":1753,"date":"2023-12-07T15:32:25","date_gmt":"2023-12-07T15:32:25","guid":{"rendered":"https:\/\/www.ar-architectes.com\/?post_type=projet&#038;p=1753"},"modified":"2023-12-12T16:31:48","modified_gmt":"2023-12-12T16:31:48","slug":"fontenay-sous-bois-94","status":"publish","type":"projet","link":"https:\/\/www.ar-architectes.com\/fr\/projet\/fontenay-sous-bois-94\/","title":{"rendered":"Fontenay-sous-Bois (94)"},"content":{"rendered":"\t\t<div data-elementor-type=\"wp-post\" data-elementor-id=\"1753\" class=\"elementor elementor-1753\">\n\t\t\t\t<div class=\"elementor-element elementor-element-75bc04f e-flex e-con-boxed e-con e-parent\" data-id=\"75bc04f\" data-element_type=\"container\" data-e-type=\"container\">\n\t\t\t\t\t<div class=\"e-con-inner\">\n\t\t\t\t<div class=\"elementor-element elementor-element-09f10ea elementor-widget elementor-widget-heading\" data-id=\"09f10ea\" data-element_type=\"widget\" data-e-type=\"widget\" data-widget_type=\"heading.default\">\n\t\t\t\t<div class=\"elementor-widget-container\">\n\t\t\t\t\t<h2 class=\"elementor-heading-title elementor-size-default\">\u00c9co-R\u00e9habilitation du B\u00e2timent Industriel et de Bureaux Cypreos \u2013 Une Impulsion Verte et Mixte dans le Paysage Urbain \u00e0 Fontenay-sous-Bois (94)<\/h2>\t\t\t\t<\/div>\n\t\t\t\t<\/div>\n\t\t\t\t\t<\/div>\n\t\t\t\t<\/div>\n\t\t<div class=\"elementor-element elementor-element-1cfadb7 e-flex e-con-boxed e-con e-parent\" data-id=\"1cfadb7\" data-element_type=\"container\" data-e-type=\"container\">\n\t\t\t\t\t<div class=\"e-con-inner\">\n\t\t<div class=\"elementor-element elementor-element-a5b518f e-con-full e-flex e-con e-child\" data-id=\"a5b518f\" data-element_type=\"container\" data-e-type=\"container\">\n\t\t\t\t<div class=\"elementor-element elementor-element-552c5b8 projets-highlight elementor-widget elementor-widget-text-editor\" data-id=\"552c5b8\" data-element_type=\"widget\" data-e-type=\"widget\" data-widget_type=\"text-editor.default\">\n\t\t\t\t<div class=\"elementor-widget-container\">\n\t\t\t\t\t\t\t\t\t<p><strong>Ma\u00eetre d\u2019ouvrage\u00a0:<\/strong> Priv\u00e9<\/p><p><strong>Localisation\u00a0:<\/strong> Fontenay-sous-Bois (94)<\/p><p><strong>Mission\u00a0: <\/strong>Etude de faisabilit\u00e9 architecturale, environnementale et paysag\u00e8re<\/p><p><strong>Ma\u00eetrise d\u2019\u0153uvre\u00a0: <\/strong>AR ARCHITECTES<\/p><p><strong>Surface\u00a0: <\/strong>5 000 m\u00b2<\/p><p><strong>Calendrier\u00a0: <\/strong>Etude de faisabilit\u00e9 termin\u00e9e en 2018<\/p>\t\t\t\t\t\t\t\t<\/div>\n\t\t\t\t<\/div>\n\t\t\t\t<div class=\"elementor-element elementor-element-f8595a0 elementor-widget elementor-widget-text-editor\" data-id=\"f8595a0\" data-element_type=\"widget\" data-e-type=\"widget\" data-widget_type=\"text-editor.default\">\n\t\t\t\t<div class=\"elementor-widget-container\">\n\t\t\t\t\t\t\t\t\t<p>L\u2019objectif du ma\u00eetre d\u2019ouvrage est de r\u00e9aliser une \u00e9co-r\u00e9habilitation du b\u00e2timent industriel Cypreos afin de s\u2019int\u00e9grer dans la d\u00e9marche de d\u00e9veloppement durable de la ville, et p\u00e9renniser \u00e0 terme le tissu industriel existant alentour.<\/p><p>Nous avons eu pour mission l\u2019\u00e9tude de faisabilit\u00e9 architecturale, environnementale et paysag\u00e8re de ce b\u00e2timent, situ\u00e9 \u00e0 un point strat\u00e9gique en entr\u00e9e de la ZI de la Pointe \u00e0 l\u2019extr\u00eame Est de la ville de Fontenay-sous-Bois, pour cr\u00e9er un b\u00e2timent bioclimatique s\u2019inscrivant dans une coul\u00e9e verte, et optimiser les consommations \u00e9nerg\u00e9tiques.<\/p>\t\t\t\t\t\t\t\t<\/div>\n\t\t\t\t<\/div>\n\t\t\t\t<\/div>\n\t\t<div class=\"elementor-element elementor-element-6f696fa e-con-full e-flex e-con e-child\" data-id=\"6f696fa\" data-element_type=\"container\" data-e-type=\"container\">\n\t\t\t\t<div class=\"elementor-element elementor-element-a1efa67 elementor-widget elementor-widget-slider_revolution\" data-id=\"a1efa67\" data-element_type=\"widget\" data-e-type=\"widget\" data-widget_type=\"slider_revolution.default\">\n\t\t\t\t<div class=\"elementor-widget-container\">\n\t\t\t\t\t\n\t\t<div class=\"wp-block-themepunch-revslider\">\n\t\t\t<!-- START FontenaysousBois REVOLUTION SLIDER 6.6.16 --><p class=\"rs-p-wp-fix\"><\/p>\n\t\t\t<rs-module-wrap id=\"rev_slider_52_1_wrapper\" data-source=\"gallery\" style=\"visibility:hidden;background:transparent;padding:0;margin:0px auto;margin-top:0;margin-bottom:0;\">\n\t\t\t\t<rs-module id=\"rev_slider_52_1\" style=\"\" data-version=\"6.6.16\">\n\t\t\t\t\t<rs-slides style=\"overflow: hidden; position: absolute;\">\n\t\t\t\t\t\t<rs-slide style=\"position: absolute;\" data-key=\"rs-572\" data-title=\"Slide\" data-thumb=\"\/\/www.ar-architectes.com\/wp-content\/uploads\/2023\/12\/1-17.jpg\" data-in=\"o:0;\" data-out=\"a:false;\">\n\t\t\t\t\t\t\t<img fetchpriority=\"high\" decoding=\"async\" src=\"\/\/www.ar-architectes.com\/wp-content\/plugins\/revslider\/public\/assets\/assets\/dummy.png\" alt=\"\" title=\"1\" width=\"1632\" height=\"1224\" class=\"rev-slidebg tp-rs-img rs-lazyload\" data-lazyload=\"\/\/www.ar-architectes.com\/wp-content\/uploads\/2023\/12\/1-17.jpg\" data-no-retina>\n<!---->\t\t\t\t\t\t<\/rs-slide>\n\t\t\t\t\t\t<rs-slide style=\"position: absolute;\" data-key=\"rs-573\" data-title=\"Slide\" data-thumb=\"\/\/www.ar-architectes.com\/wp-content\/uploads\/2023\/12\/2-18-scaled.jpg\" data-in=\"o:0;\" data-out=\"a:false;\">\n\t\t\t\t\t\t\t<img decoding=\"async\" src=\"\/\/www.ar-architectes.com\/wp-content\/plugins\/revslider\/public\/assets\/assets\/dummy.png\" alt=\"\" title=\"2\" width=\"2560\" height=\"1521\" class=\"rev-slidebg tp-rs-img rs-lazyload\" data-lazyload=\"\/\/www.ar-architectes.com\/wp-content\/uploads\/2023\/12\/2-18-scaled.jpg\" data-no-retina>\n<!---->\t\t\t\t\t\t<\/rs-slide>\n\t\t\t\t\t\t<rs-slide style=\"position: absolute;\" data-key=\"rs-574\" data-title=\"Slide\" data-thumb=\"\/\/www.ar-architectes.com\/wp-content\/uploads\/2023\/12\/3-15.jpg\" data-in=\"o:0;\" data-out=\"a:false;\">\n\t\t\t\t\t\t\t<img decoding=\"async\" src=\"\/\/www.ar-architectes.com\/wp-content\/plugins\/revslider\/public\/assets\/assets\/dummy.png\" alt=\"\" title=\"3\" width=\"980\" height=\"650\" class=\"rev-slidebg tp-rs-img rs-lazyload\" data-lazyload=\"\/\/www.ar-architectes.com\/wp-content\/uploads\/2023\/12\/3-15.jpg\" data-no-retina>\n<!---->\t\t\t\t\t\t<\/rs-slide>\n\t\t\t\t\t\t<rs-slide style=\"position: absolute;\" data-key=\"rs-575\" data-title=\"Slide\" data-thumb=\"\/\/www.ar-architectes.com\/wp-content\/uploads\/2023\/12\/4-15-scaled.jpg\" data-in=\"o:0;\" data-out=\"a:false;\">\n\t\t\t\t\t\t\t<img loading=\"lazy\" decoding=\"async\" src=\"\/\/www.ar-architectes.com\/wp-content\/plugins\/revslider\/public\/assets\/assets\/dummy.png\" alt=\"\" title=\"4\" width=\"2560\" height=\"1703\" class=\"rev-slidebg tp-rs-img rs-lazyload\" data-lazyload=\"\/\/www.ar-architectes.com\/wp-content\/uploads\/2023\/12\/4-15-scaled.jpg\" data-no-retina>\n<!---->\t\t\t\t\t\t<\/rs-slide>\n\t\t\t\t\t\t<rs-slide style=\"position: absolute;\" data-key=\"rs-576\" data-title=\"Slide\" data-thumb=\"\/\/www.ar-architectes.com\/wp-content\/uploads\/2023\/12\/5-15-scaled.jpg\" data-in=\"o:0;\" data-out=\"a:false;\">\n\t\t\t\t\t\t\t<img loading=\"lazy\" decoding=\"async\" src=\"\/\/www.ar-architectes.com\/wp-content\/plugins\/revslider\/public\/assets\/assets\/dummy.png\" alt=\"\" title=\"5\" width=\"2560\" height=\"1688\" class=\"rev-slidebg tp-rs-img rs-lazyload\" data-lazyload=\"\/\/www.ar-architectes.com\/wp-content\/uploads\/2023\/12\/5-15-scaled.jpg\" data-no-retina>\n<!---->\t\t\t\t\t\t<\/rs-slide>\n\t\t\t\t\t<\/rs-slides>\n\t\t\t\t\t<rs-static-layers><!--\n\t\t\t\t\t--><\/rs-static-layers>\n\t\t\t\t<\/rs-module>\n\t\t\t\t<script>\n\t\t\t\t\tsetREVStartSize({c: 'rev_slider_52_1',rl:[1240,1024,778,480],el:[900],gw:[1240],gh:[900],type:'carousel',justify:'',layout:'fullwidth',thumbh:\"180\",mh:\"0\"});if (window.RS_MODULES!==undefined && window.RS_MODULES.modules!==undefined && window.RS_MODULES.modules[\"revslider521\"]!==undefined) {window.RS_MODULES.modules[\"revslider521\"].once = false;window.revapi52 = undefined;if (window.RS_MODULES.checkMinimal!==undefined) window.RS_MODULES.checkMinimal()}\n\t\t\t\t<\/script>\n\t\t\t<\/rs-module-wrap>\n\t\t\t<!-- END REVOLUTION SLIDER -->\n<\/div>\n\n\t\t\t\t\t\t<\/div>\n\t\t\t\t<\/div>\n\t\t\t\t<\/div>\n\t\t\t\t\t<\/div>\n\t\t\t\t<\/div>\n\t\t<div class=\"elementor-element elementor-element-4d1be87 e-flex e-con-boxed e-con e-parent\" data-id=\"4d1be87\" data-element_type=\"container\" data-e-type=\"container\">\n\t\t\t\t\t<div class=\"e-con-inner\">\n\t\t\t\t<div class=\"elementor-element elementor-element-d34259d download-file-button elementor-widget elementor-widget-bridge_icon_text\" data-id=\"d34259d\" data-element_type=\"widget\" data-e-type=\"widget\" data-widget_type=\"bridge_icon_text.default\">\n\t\t\t\t<div class=\"elementor-widget-container\">\n\t\t\t\t\t<div class='q_icon_with_title small normal_icon '><div class=\"icon_holder \" style=\" \"><span data-icon-type=\"normal\"   style=\"\" class=\"qode_iwt_icon_holder q_font_awsome_icon fa-2x  \"><i class=\"qode_icon_font_awesome fa fa-download qode_iwt_icon_element\" style=\"color: #66B545;\" ><\/i><\/span><\/div><div class=\"icon_text_holder\" style=\"\"><div class=\"icon_text_inner\" style=\"\"><h5 class=\"icon_title\" style=\"color: #000000;font-weight: 700;\"><\/h5><p style='color: #000000'><\/p><a itemprop='url' class='icon_with_title_link' href='https:\/\/www.ar-architectes.com\/wp-content\/uploads\/2023\/12\/AR_FONTENAY-SOU-BOIS_FRANCAIS.pdf' target='_self' style='color: #000000;'>T\u00c9L\u00c9CHARGER LA FICHE COMPL\u00c8TE DE CE PROJET<\/a><\/div><\/div><\/div>\t\t\t\t<\/div>\n\t\t\t\t<\/div>\n\t\t\t\t\t<\/div>\n\t\t\t\t<\/div>\n\t\t\t\t<\/div>\n\t\t","protected":false},"excerpt":{"rendered":"<p>L\u2019objectif du ma\u00eetre d\u2019ouvrage est de r\u00e9aliser une \u00e9co-r\u00e9habilitation du b\u00e2timent industriel Cypreos afin de s\u2019int\u00e9grer dans la d\u00e9marche de d\u00e9veloppement durable de la ville, et p\u00e9renniser \u00e0 terme le tissu industriel existant alentour. <\/p>\n","protected":false},"featured_media":1758,"template":"","categories":[3],"tags":[22],"class_list":["post-1753","projet","type-projet","status-publish","has-post-thumbnail","hentry","category-france","tag-etude-et-faisabilite"],"_links":{"self":[{"href":"https:\/\/www.ar-architectes.com\/fr\/wp-json\/wp\/v2\/projet\/1753","targetHints":{"allow":["GET"]}}],"collection":[{"href":"https:\/\/www.ar-architectes.com\/fr\/wp-json\/wp\/v2\/projet"}],"about":[{"href":"https:\/\/www.ar-architectes.com\/fr\/wp-json\/wp\/v2\/types\/projet"}],"version-history":[{"count":5,"href":"https:\/\/www.ar-architectes.com\/fr\/wp-json\/wp\/v2\/projet\/1753\/revisions"}],"predecessor-version":[{"id":1765,"href":"https:\/\/www.ar-architectes.com\/fr\/wp-json\/wp\/v2\/projet\/1753\/revisions\/1765"}],"wp:featuredmedia":[{"embeddable":true,"href":"https:\/\/www.ar-architectes.com\/fr\/wp-json\/wp\/v2\/media\/1758"}],"wp:attachment":[{"href":"https:\/\/www.ar-architectes.com\/fr\/wp-json\/wp\/v2\/media?parent=1753"}],"wp:term":[{"taxonomy":"category","embeddable":true,"href":"https:\/\/www.ar-architectes.com\/fr\/wp-json\/wp\/v2\/categories?post=1753"},{"taxonomy":"post_tag","embeddable":true,"href":"https:\/\/www.ar-architectes.com\/fr\/wp-json\/wp\/v2\/tags?post=1753"}],"curies":[{"name":"wp","href":"https:\/\/api.w.org\/{rel}","templated":true}]}}

<div data-elementor-type="wp-post" data-elementor-id="1753" class="elementor elementor-1753">
				<div class="elementor-element elementor-element-75bc04f e-flex e-con-boxed e-con e-parent" data-id="75bc04f" data-element_type="container" data-e-type="container">
					<div class="e-con-inner">
				<div class="elementor-element elementor-element-09f10ea elementor-widget elementor-widget-heading" data-id="09f10ea" data-element_type="widget" data-e-type="widget" data-widget_type="heading.default">
				<div class="elementor-widget-container">
					<h2 class="elementor-heading-title elementor-size-default">Éco-Réhabilitation du Bâtiment Industriel et de Bureaux Cypreos – Une Impulsion Verte et Mixte dans le Paysage Urbain à Fontenay-sous-Bois (94)</h2>				</div>
				</div>
					</div>
				</div>
		<div class="elementor-element elementor-element-1cfadb7 e-flex e-con-boxed e-con e-parent" data-id="1cfadb7" data-element_type="container" data-e-type="container">
					<div class="e-con-inner">
		<div class="elementor-element elementor-element-a5b518f e-con-full e-flex e-con e-child" data-id="a5b518f" data-element_type="container" data-e-type="container">
				<div class="elementor-element elementor-element-552c5b8 projets-highlight elementor-widget elementor-widget-text-editor" data-id="552c5b8" data-element_type="widget" data-e-type="widget" data-widget_type="text-editor.default">
				<div class="elementor-widget-container">
									<p><strong>Maître d’ouvrage :</strong> Privé</p><p><strong>Localisation :</strong> Fontenay-sous-Bois (94)</p><p><strong>Mission : </strong>Etude de faisabilité architecturale, environnementale et paysagère</p><p><strong>Maîtrise d’œuvre : </strong>AR ARCHITECTES</p><p><strong>Surface : </strong>5 000 m²</p><p><strong>Calendrier : </strong>Etude de faisabilité terminée en 2018</p>								</div>
				</div>
				<div class="elementor-element elementor-element-f8595a0 elementor-widget elementor-widget-text-editor" data-id="f8595a0" data-element_type="widget" data-e-type="widget" data-widget_type="text-editor.default">
				<div class="elementor-widget-container">
									<p>L’objectif du maître d’ouvrage est de réaliser une éco-réhabilitation du bâtiment industriel Cypreos afin de s’intégrer dans la démarche de développement durable de la ville, et pérenniser à terme le tissu industriel existant alentour.</p><p>Nous avons eu pour mission l’étude de faisabilité architecturale, environnementale et paysagère de ce bâtiment, situé à un point stratégique en entrée de la ZI de la Pointe à l’extrême Est de la ville de Fontenay-sous-Bois, pour créer un bâtiment bioclimatique s’inscrivant dans une coulée verte, et optimiser les consommations énergétiques.</p>								</div>
				</div>
				</div>
		<div class="elementor-element elementor-element-6f696fa e-con-full e-flex e-con e-child" data-id="6f696fa" data-element_type="container" data-e-type="container">
				<div class="elementor-element elementor-element-a1efa67 elementor-widget elementor-widget-slider_revolution" data-id="a1efa67" data-element_type="widget" data-e-type="widget" data-widget_type="slider_revolution.default">
				<div class="elementor-widget-container">
					
		<div class="wp-block-themepunch-revslider">
			<!-- START FontenaysousBois REVOLUTION SLIDER 6.6.16 --><p class="rs-p-wp-fix"></p>
			<rs-module-wrap id="rev_slider_52_1_wrapper" data-source="gallery" style="visibility:hidden;background:transparent;padding:0;margin:0px auto;margin-top:0;margin-bottom:0;">
				<rs-module id="rev_slider_52_1" style="" data-version="6.6.16">
					<rs-slides style="overflow: hidden; position: absolute;">
						<rs-slide style="position: absolute;" data-key="rs-572" data-title="Slide" data-thumb="//www.ar-architectes.com/wp-content/uploads/2023/12/1-17.jpg" data-in="o:0;" data-out="a:false;">
							<img fetchpriority="high" decoding="async" src="//www.ar-architectes.com/wp-content/plugins/revslider/public/assets/assets/dummy.png" alt="" title="1" width="1632" height="1224" class="rev-slidebg tp-rs-img rs-lazyload" data-lazyload="//www.ar-architectes.com/wp-content/uploads/2023/12/1-17.jpg" data-no-retina>
<!---->						</rs-slide>
						<rs-slide style="position: absolute;" data-key="rs-573" data-title="Slide" data-thumb="//www.ar-architectes.com/wp-content/uploads/2023/12/2-18-scaled.jpg" data-in="o:0;" data-out="a:false;">
							<img decoding="async" src="//www.ar-architectes.com/wp-content/plugins/revslider/public/assets/assets/dummy.png" alt="" title="2" width="2560" height="1521" class="rev-slidebg tp-rs-img rs-lazyload" data-lazyload="//www.ar-architectes.com/wp-content/uploads/2023/12/2-18-scaled.jpg" data-no-retina>
<!---->						</rs-slide>
						<rs-slide style="position: absolute;" data-key="rs-574" data-title="Slide" data-thumb="//www.ar-architectes.com/wp-content/uploads/2023/12/3-15.jpg" data-in="o:0;" data-out="a:false;">
							<img decoding="async" src="//www.ar-architectes.com/wp-content/plugins/revslider/public/assets/assets/dummy.png" alt="" title="3" width="980" height="650" class="rev-slidebg tp-rs-img rs-lazyload" data-lazyload="//www.ar-architectes.com/wp-content/uploads/2023/12/3-15.jpg" data-no-retina>
<!---->						</rs-slide>
						<rs-slide style="position: absolute;" data-key="rs-575" data-title="Slide" data-thumb="//www.ar-architectes.com/wp-content/uploads/2023/12/4-15-scaled.jpg" data-in="o:0;" data-out="a:false;">
							<img loading="lazy" decoding="async" src="//www.ar-architectes.com/wp-content/plugins/revslider/public/assets/assets/dummy.png" alt="" title="4" width="2560" height="1703" class="rev-slidebg tp-rs-img rs-lazyload" data-lazyload="//www.ar-architectes.com/wp-content/uploads/2023/12/4-15-scaled.jpg" data-no-retina>
<!---->						</rs-slide>
						<rs-slide style="position: absolute;" data-key="rs-576" data-title="Slide" data-thumb="//www.ar-architectes.com/wp-content/uploads/2023/12/5-15-scaled.jpg" data-in="o:0;" data-out="a:false;">
							<img loading="lazy" decoding="async" src="//www.ar-architectes.com/wp-content/plugins/revslider/public/assets/assets/dummy.png" alt="" title="5" width="2560" height="1688" class="rev-slidebg tp-rs-img rs-lazyload" data-lazyload="//www.ar-architectes.com/wp-content/uploads/2023/12/5-15-scaled.jpg" data-no-retina>
<!---->						</rs-slide>
					</rs-slides>
					<rs-static-layers><!--
					--></rs-static-layers>
				</rs-module>
				<script>
					setREVStartSize({c: 'rev_slider_52_1',rl:[1240,1024,778,480],el:[900],gw:[1240],gh:[900],type:'carousel',justify:'',layout:'fullwidth',thumbh:"180",mh:"0"});if (window.RS_MODULES!==undefined && window.RS_MODULES.modules!==undefined && window.RS_MODULES.modules["revslider521"]!==undefined) {window.RS_MODULES.modules["revslider521"].once = false;window.revapi52 = undefined;if (window.RS_MODULES.checkMinimal!==undefined) window.RS_MODULES.checkMinimal()}
				</script>
			</rs-module-wrap>
			<!-- END REVOLUTION SLIDER -->
</div>

						</div>
				</div>
				</div>
					</div>
				</div>
		<div class="elementor-element elementor-element-4d1be87 e-flex e-con-boxed e-con e-parent" data-id="4d1be87" data-element_type="container" data-e-type="container">
					<div class="e-con-inner">
				<div class="elementor-element elementor-element-d34259d download-file-button elementor-widget elementor-widget-bridge_icon_text" data-id="d34259d" data-element_type="widget" data-e-type="widget" data-widget_type="bridge_icon_text.default">
				<div class="elementor-widget-container">
					<div class='q_icon_with_title small normal_icon '><div class="icon_holder " style=" "><span data-icon-type="normal"   style="" class="qode_iwt_icon_holder q_font_awsome_icon fa-2x  "><i class="qode_icon_font_awesome fa fa-download qode_iwt_icon_element" style="color: #66B545;" ></i></span></div><div class="icon_text_holder" style=""><div class="icon_text_inner" style=""><h5 class="icon_title" style="color: #000000;font-weight: 700;"></h5><p style='color: #000000'></p><a itemprop='url' class='icon_with_title_link' href='https://www.ar-architectes.com/wp-content/uploads/2023/12/AR_FONTENAY-SOU-BOIS_FRANCAIS.pdf' target='_self' style='color: #000000;'>TÉLÉCHARGER LA FICHE COMPLÈTE DE CE PROJET</a></div></div></div>				</div>
				</div>
					</div>
				</div>
				</div>

<p>L’objectif du maître d’ouvrage est de réaliser une éco-réhabilitation du bâtiment industriel Cypreos afin de s’intégrer dans la démarche de développement durable de la ville, et pérenniser à terme le tissu industriel existant alentour. </p>
