{"id":1793,"date":"2023-12-07T16:16:26","date_gmt":"2023-12-07T16:16:26","guid":{"rendered":"https:\/\/www.ar-architectes.com\/?post_type=projet&#038;p=1793"},"modified":"2023-12-20T09:14:47","modified_gmt":"2023-12-20T09:14:47","slug":"saida-au-liban","status":"publish","type":"projet","link":"https:\/\/www.ar-architectes.com\/fr\/projet\/saida-au-liban\/","title":{"rendered":"Sa\u00efda Liban"},"content":{"rendered":"\t\t<div data-elementor-type=\"wp-post\" data-elementor-id=\"1793\" class=\"elementor elementor-1793\">\n\t\t\t\t<div class=\"elementor-element elementor-element-75bc04f e-flex e-con-boxed e-con e-parent\" data-id=\"75bc04f\" data-element_type=\"container\" data-e-type=\"container\">\n\t\t\t\t\t<div class=\"e-con-inner\">\n\t\t\t\t<div class=\"elementor-element elementor-element-09f10ea elementor-widget elementor-widget-heading\" data-id=\"09f10ea\" data-element_type=\"widget\" data-e-type=\"widget\" data-widget_type=\"heading.default\">\n\t\t\t\t<div class=\"elementor-widget-container\">\n\t\t\t\t\t<h2 class=\"elementor-heading-title elementor-size-default\">Reconversion de la Montagne de D\u00e9chets \u00e0 Sa\u00efda, au Liban et Cr\u00e9ation d\u2019un Parc \u00c9cologique.<\/h2>\t\t\t\t<\/div>\n\t\t\t\t<\/div>\n\t\t\t\t\t<\/div>\n\t\t\t\t<\/div>\n\t\t<div class=\"elementor-element elementor-element-1cfadb7 e-flex e-con-boxed e-con e-parent\" data-id=\"1cfadb7\" data-element_type=\"container\" data-e-type=\"container\">\n\t\t\t\t\t<div class=\"e-con-inner\">\n\t\t<div class=\"elementor-element elementor-element-a5b518f e-con-full e-flex e-con e-child\" data-id=\"a5b518f\" data-element_type=\"container\" data-e-type=\"container\">\n\t\t\t\t<div class=\"elementor-element elementor-element-552c5b8 projets-highlight elementor-widget elementor-widget-text-editor\" data-id=\"552c5b8\" data-element_type=\"widget\" data-e-type=\"widget\" data-widget_type=\"text-editor.default\">\n\t\t\t\t<div class=\"elementor-widget-container\">\n\t\t\t\t\t\t\t\t\t<p><strong>Ma\u00eetre d\u2019ouvrage\u00a0:<\/strong> Ville de Sa\u00efda<\/p><p><strong>Localisation\u00a0:<\/strong> Sa\u00efda, Liban<\/p><p><strong>Projet\u00a0:<\/strong> Am\u00e9nagement environnemental de l\u2019ensemble de l\u2019\u00eele<\/p><p><strong>Mission\u00a0:<\/strong> Etudes d\u2019urbanisme, paysage HQE\u00ae<\/p><p><strong>Ma\u00eetrise d\u2019\u0153uvre\u00a0:<\/strong> AR ARCHITECTES<\/p><p><strong>Surface\u00a0: <\/strong>140 000m\u00b2<\/p><p><strong>Budget\u00a0:<\/strong> 30 000 000 $<\/p><p><strong>Calendrier\u00a0: <\/strong>\u00c9tude D\u00e9cembre 2009<\/p>\t\t\t\t\t\t\t\t<\/div>\n\t\t\t\t<\/div>\n\t\t\t\t<div class=\"elementor-element elementor-element-f8595a0 elementor-widget elementor-widget-text-editor\" data-id=\"f8595a0\" data-element_type=\"widget\" data-e-type=\"widget\" data-widget_type=\"text-editor.default\">\n\t\t\t\t<div class=\"elementor-widget-container\">\n\t\t\t\t\t\t\t\t\t<p>L\u2019op\u00e9ration se d\u00e9roule \u00e0 Sa\u00efda, une ville de 300 000 habitants au sud du Liban, ex-capitale historique locale. Situ\u00e9e entre la c\u00f4te et une zone industrielle et agricole, au sud de la vieille ville, l\u2019objectif de l\u2019op\u00e9ration est de \u00ab faire dispara\u00eetre \u00bb une vaste d\u00e9chetterie de plusieurs m\u00e8tres de haut, d\u2019une largeur de 100 m\u00e8tres et qui s\u2019\u00e9tire le long du littoral sur 1 km.<\/p>\t\t\t\t\t\t\t\t<\/div>\n\t\t\t\t<\/div>\n\t\t\t\t<\/div>\n\t\t<div class=\"elementor-element elementor-element-6f696fa e-con-full e-flex e-con e-child\" data-id=\"6f696fa\" data-element_type=\"container\" data-e-type=\"container\">\n\t\t\t\t<div class=\"elementor-element elementor-element-a1efa67 elementor-widget elementor-widget-slider_revolution\" data-id=\"a1efa67\" data-element_type=\"widget\" data-e-type=\"widget\" data-widget_type=\"slider_revolution.default\">\n\t\t\t\t<div class=\"elementor-widget-container\">\n\t\t\t\t\t\n\t\t<div class=\"wp-block-themepunch-revslider\">\n\t\t\t<!-- START Sa\u00efda Liban REVOLUTION SLIDER 6.6.16 --><p class=\"rs-p-wp-fix\"><\/p>\n\t\t\t<rs-module-wrap id=\"rev_slider_55_1_wrapper\" data-source=\"gallery\" style=\"visibility:hidden;background:transparent;padding:0;margin:0px auto;margin-top:0;margin-bottom:0;\">\n\t\t\t\t<rs-module id=\"rev_slider_55_1\" style=\"\" data-version=\"6.6.16\">\n\t\t\t\t\t<rs-slides style=\"overflow: hidden; position: absolute;\">\n\t\t\t\t\t\t<rs-slide style=\"position: absolute;\" data-key=\"rs-590\" data-title=\"Slide\" data-thumb=\"\/\/www.ar-architectes.com\/wp-content\/uploads\/2023\/12\/1-20.jpg\" data-in=\"o:0;\" data-out=\"a:false;\">\n\t\t\t\t\t\t\t<img fetchpriority=\"high\" decoding=\"async\" src=\"\/\/www.ar-architectes.com\/wp-content\/plugins\/revslider\/public\/assets\/assets\/dummy.png\" alt=\"\" title=\"1\" width=\"1212\" height=\"717\" class=\"rev-slidebg tp-rs-img rs-lazyload\" data-lazyload=\"\/\/www.ar-architectes.com\/wp-content\/uploads\/2023\/12\/1-20.jpg\" data-no-retina>\n<!---->\t\t\t\t\t\t<\/rs-slide>\n\t\t\t\t\t\t<rs-slide style=\"position: absolute;\" data-key=\"rs-591\" data-title=\"Slide\" data-thumb=\"\/\/www.ar-architectes.com\/wp-content\/uploads\/2023\/12\/2-21-scaled.jpg\" data-in=\"o:0;\" data-out=\"a:false;\">\n\t\t\t\t\t\t\t<img decoding=\"async\" src=\"\/\/www.ar-architectes.com\/wp-content\/plugins\/revslider\/public\/assets\/assets\/dummy.png\" alt=\"\" title=\"2\" width=\"2560\" height=\"1707\" class=\"rev-slidebg tp-rs-img rs-lazyload\" data-lazyload=\"\/\/www.ar-architectes.com\/wp-content\/uploads\/2023\/12\/2-21-scaled.jpg\" data-no-retina>\n<!---->\t\t\t\t\t\t<\/rs-slide>\n\t\t\t\t\t\t<rs-slide style=\"position: absolute;\" data-key=\"rs-592\" data-title=\"Slide\" data-thumb=\"\/\/www.ar-architectes.com\/wp-content\/uploads\/2023\/12\/3-18-scaled.jpg\" data-in=\"o:0;\" data-out=\"a:false;\">\n\t\t\t\t\t\t\t<img decoding=\"async\" src=\"\/\/www.ar-architectes.com\/wp-content\/plugins\/revslider\/public\/assets\/assets\/dummy.png\" alt=\"\" title=\"3\" width=\"2560\" height=\"1806\" class=\"rev-slidebg tp-rs-img rs-lazyload\" data-lazyload=\"\/\/www.ar-architectes.com\/wp-content\/uploads\/2023\/12\/3-18-scaled.jpg\" data-no-retina>\n<!---->\t\t\t\t\t\t<\/rs-slide>\n\t\t\t\t\t\t<rs-slide style=\"position: absolute;\" data-key=\"rs-593\" data-title=\"Slide\" data-thumb=\"\/\/www.ar-architectes.com\/wp-content\/uploads\/2023\/12\/4-18-scaled.jpg\" data-in=\"o:0;\" data-out=\"a:false;\">\n\t\t\t\t\t\t\t<img loading=\"lazy\" decoding=\"async\" src=\"\/\/www.ar-architectes.com\/wp-content\/plugins\/revslider\/public\/assets\/assets\/dummy.png\" alt=\"\" title=\"4\" width=\"2560\" height=\"1331\" class=\"rev-slidebg tp-rs-img rs-lazyload\" data-lazyload=\"\/\/www.ar-architectes.com\/wp-content\/uploads\/2023\/12\/4-18-scaled.jpg\" data-bg=\"f:contain;\" data-no-retina>\n<!---->\t\t\t\t\t\t<\/rs-slide>\n\t\t\t\t\t\t<rs-slide style=\"position: absolute;\" data-key=\"rs-594\" data-title=\"Slide\" data-thumb=\"\/\/www.ar-architectes.com\/wp-content\/uploads\/2023\/12\/5-17-scaled.jpg\" data-in=\"o:0;\" data-out=\"a:false;\">\n\t\t\t\t\t\t\t<img loading=\"lazy\" decoding=\"async\" src=\"\/\/www.ar-architectes.com\/wp-content\/plugins\/revslider\/public\/assets\/assets\/dummy.png\" alt=\"\" title=\"5\" width=\"2560\" height=\"1453\" class=\"rev-slidebg tp-rs-img rs-lazyload\" data-lazyload=\"\/\/www.ar-architectes.com\/wp-content\/uploads\/2023\/12\/5-17-scaled.jpg\" data-bg=\"f:contain;\" data-no-retina>\n<!---->\t\t\t\t\t\t<\/rs-slide>\n\t\t\t\t\t\t<rs-slide style=\"position: absolute;\" data-key=\"rs-595\" data-title=\"Slide\" data-thumb=\"\/\/www.ar-architectes.com\/wp-content\/uploads\/2023\/12\/6-11-scaled.jpg\" data-in=\"o:0;\" data-out=\"a:false;\">\n\t\t\t\t\t\t\t<img loading=\"lazy\" decoding=\"async\" src=\"\/\/www.ar-architectes.com\/wp-content\/plugins\/revslider\/public\/assets\/assets\/dummy.png\" alt=\"\" title=\"6\" width=\"2560\" height=\"1598\" class=\"rev-slidebg tp-rs-img rs-lazyload\" data-lazyload=\"\/\/www.ar-architectes.com\/wp-content\/uploads\/2023\/12\/6-11-scaled.jpg\" data-bg=\"f:contain;\" data-no-retina>\n<!---->\t\t\t\t\t\t<\/rs-slide>\n\t\t\t\t\t\t<rs-slide style=\"position: absolute;\" data-key=\"rs-596\" data-title=\"Slide\" data-thumb=\"\/\/www.ar-architectes.com\/wp-content\/uploads\/2023\/12\/7-8-scaled.jpg\" data-in=\"o:0;\" data-out=\"a:false;\">\n\t\t\t\t\t\t\t<img loading=\"lazy\" decoding=\"async\" src=\"\/\/www.ar-architectes.com\/wp-content\/plugins\/revslider\/public\/assets\/assets\/dummy.png\" alt=\"\" title=\"7\" width=\"2560\" height=\"1242\" class=\"rev-slidebg tp-rs-img rs-lazyload\" data-lazyload=\"\/\/www.ar-architectes.com\/wp-content\/uploads\/2023\/12\/7-8-scaled.jpg\" data-bg=\"f:contain;\" data-no-retina>\n<!---->\t\t\t\t\t\t<\/rs-slide>\n\t\t\t\t\t\t<rs-slide style=\"position: absolute;\" data-key=\"rs-597\" data-title=\"Slide\" data-thumb=\"\/\/www.ar-architectes.com\/wp-content\/uploads\/2023\/12\/8-7-scaled.jpg\" data-in=\"o:0;\" data-out=\"a:false;\">\n\t\t\t\t\t\t\t<img loading=\"lazy\" decoding=\"async\" src=\"\/\/www.ar-architectes.com\/wp-content\/plugins\/revslider\/public\/assets\/assets\/dummy.png\" alt=\"\" title=\"8\" width=\"2560\" height=\"1195\" class=\"rev-slidebg tp-rs-img rs-lazyload\" data-lazyload=\"\/\/www.ar-architectes.com\/wp-content\/uploads\/2023\/12\/8-7-scaled.jpg\" data-bg=\"f:contain;\" data-no-retina>\n<!---->\t\t\t\t\t\t<\/rs-slide>\n\t\t\t\t\t<\/rs-slides>\n\t\t\t\t\t<rs-static-layers><!--\n\t\t\t\t\t--><\/rs-static-layers>\n\t\t\t\t<\/rs-module>\n\t\t\t\t<script>\n\t\t\t\t\tsetREVStartSize({c: 'rev_slider_55_1',rl:[1240,1024,778,480],el:[900],gw:[1240],gh:[900],type:'carousel',justify:'',layout:'fullwidth',thumbh:\"180\",mh:\"0\"});if (window.RS_MODULES!==undefined && window.RS_MODULES.modules!==undefined && window.RS_MODULES.modules[\"revslider551\"]!==undefined) {window.RS_MODULES.modules[\"revslider551\"].once = false;window.revapi55 = undefined;if (window.RS_MODULES.checkMinimal!==undefined) window.RS_MODULES.checkMinimal()}\n\t\t\t\t<\/script>\n\t\t\t<\/rs-module-wrap>\n\t\t\t<!-- END REVOLUTION SLIDER -->\n<\/div>\n\n\t\t\t\t\t\t<\/div>\n\t\t\t\t<\/div>\n\t\t\t\t<\/div>\n\t\t\t\t\t<\/div>\n\t\t\t\t<\/div>\n\t\t<div class=\"elementor-element elementor-element-4d1be87 e-flex e-con-boxed e-con e-parent\" data-id=\"4d1be87\" data-element_type=\"container\" data-e-type=\"container\">\n\t\t\t\t\t<div class=\"e-con-inner\">\n\t\t\t\t<div class=\"elementor-element elementor-element-d34259d download-file-button elementor-widget elementor-widget-bridge_icon_text\" data-id=\"d34259d\" data-element_type=\"widget\" data-e-type=\"widget\" data-widget_type=\"bridge_icon_text.default\">\n\t\t\t\t<div class=\"elementor-widget-container\">\n\t\t\t\t\t<div class='q_icon_with_title small normal_icon '><div class=\"icon_holder \" style=\" \"><span data-icon-type=\"normal\"   style=\"\" class=\"qode_iwt_icon_holder q_font_awsome_icon fa-2x  \"><i class=\"qode_icon_font_awesome fa fa-download qode_iwt_icon_element\" style=\"color: #66B545;\" ><\/i><\/span><\/div><div class=\"icon_text_holder\" style=\"\"><div class=\"icon_text_inner\" style=\"\"><h5 class=\"icon_title\" style=\"color: #000000;font-weight: 700;\"><\/h5><p style='color: #000000'><\/p><a itemprop='url' class='icon_with_title_link' href='https:\/\/www.ar-architectes.com\/wp-content\/uploads\/2023\/12\/AR_SAIDA_FRANCAIS.pdf' target='_self' style='color: #000000;'>T\u00c9L\u00c9CHARGER LA FICHE COMPL\u00c8TE DE CE PROJET<\/a><\/div><\/div><\/div>\t\t\t\t<\/div>\n\t\t\t\t<\/div>\n\t\t\t\t\t<\/div>\n\t\t\t\t<\/div>\n\t\t\t\t<\/div>\n\t\t","protected":false},"excerpt":{"rendered":"<p>L\u2019op\u00e9ration se d\u00e9roule \u00e0 Sa\u00efda, une ville de 300 000 habitants au sud du Liban, ex-capitale historique locale.<\/p>\n","protected":false},"featured_media":1796,"template":"","categories":[4],"tags":[12],"class_list":["post-1793","projet","type-projet","status-publish","has-post-thumbnail","hentry","category-international","tag-eco-urbanisme-et-paysage"],"_links":{"self":[{"href":"https:\/\/www.ar-architectes.com\/fr\/wp-json\/wp\/v2\/projet\/1793","targetHints":{"allow":["GET"]}}],"collection":[{"href":"https:\/\/www.ar-architectes.com\/fr\/wp-json\/wp\/v2\/projet"}],"about":[{"href":"https:\/\/www.ar-architectes.com\/fr\/wp-json\/wp\/v2\/types\/projet"}],"version-history":[{"count":6,"href":"https:\/\/www.ar-architectes.com\/fr\/wp-json\/wp\/v2\/projet\/1793\/revisions"}],"predecessor-version":[{"id":3566,"href":"https:\/\/www.ar-architectes.com\/fr\/wp-json\/wp\/v2\/projet\/1793\/revisions\/3566"}],"wp:featuredmedia":[{"embeddable":true,"href":"https:\/\/www.ar-architectes.com\/fr\/wp-json\/wp\/v2\/media\/1796"}],"wp:attachment":[{"href":"https:\/\/www.ar-architectes.com\/fr\/wp-json\/wp\/v2\/media?parent=1793"}],"wp:term":[{"taxonomy":"category","embeddable":true,"href":"https:\/\/www.ar-architectes.com\/fr\/wp-json\/wp\/v2\/categories?post=1793"},{"taxonomy":"post_tag","embeddable":true,"href":"https:\/\/www.ar-architectes.com\/fr\/wp-json\/wp\/v2\/tags?post=1793"}],"curies":[{"name":"wp","href":"https:\/\/api.w.org\/{rel}","templated":true}]}}

Saïda Liban

<div data-elementor-type="wp-post" data-elementor-id="1793" class="elementor elementor-1793">
				<div class="elementor-element elementor-element-75bc04f e-flex e-con-boxed e-con e-parent" data-id="75bc04f" data-element_type="container" data-e-type="container">
					<div class="e-con-inner">
				<div class="elementor-element elementor-element-09f10ea elementor-widget elementor-widget-heading" data-id="09f10ea" data-element_type="widget" data-e-type="widget" data-widget_type="heading.default">
				<div class="elementor-widget-container">
					<h2 class="elementor-heading-title elementor-size-default">Reconversion de la Montagne de Déchets à Saïda, au Liban et Création d’un Parc Écologique.</h2>				</div>
				</div>
					</div>
				</div>
		<div class="elementor-element elementor-element-1cfadb7 e-flex e-con-boxed e-con e-parent" data-id="1cfadb7" data-element_type="container" data-e-type="container">
					<div class="e-con-inner">
		<div class="elementor-element elementor-element-a5b518f e-con-full e-flex e-con e-child" data-id="a5b518f" data-element_type="container" data-e-type="container">
				<div class="elementor-element elementor-element-552c5b8 projets-highlight elementor-widget elementor-widget-text-editor" data-id="552c5b8" data-element_type="widget" data-e-type="widget" data-widget_type="text-editor.default">
				<div class="elementor-widget-container">
									<p><strong>Maître d’ouvrage :</strong> Ville de Saïda</p><p><strong>Localisation :</strong> Saïda, Liban</p><p><strong>Projet :</strong> Aménagement environnemental de l’ensemble de l’île</p><p><strong>Mission :</strong> Etudes d’urbanisme, paysage HQE®</p><p><strong>Maîtrise d’œuvre :</strong> AR ARCHITECTES</p><p><strong>Surface : </strong>140 000m²</p><p><strong>Budget :</strong> 30 000 000 $</p><p><strong>Calendrier : </strong>Étude Décembre 2009</p>								</div>
				</div>
				<div class="elementor-element elementor-element-f8595a0 elementor-widget elementor-widget-text-editor" data-id="f8595a0" data-element_type="widget" data-e-type="widget" data-widget_type="text-editor.default">
				<div class="elementor-widget-container">
									<p>L’opération se déroule à Saïda, une ville de 300 000 habitants au sud du Liban, ex-capitale historique locale. Située entre la côte et une zone industrielle et agricole, au sud de la vieille ville, l’objectif de l’opération est de « faire disparaître » une vaste déchetterie de plusieurs mètres de haut, d’une largeur de 100 mètres et qui s’étire le long du littoral sur 1 km.</p>								</div>
				</div>
				</div>
		<div class="elementor-element elementor-element-6f696fa e-con-full e-flex e-con e-child" data-id="6f696fa" data-element_type="container" data-e-type="container">
				<div class="elementor-element elementor-element-a1efa67 elementor-widget elementor-widget-slider_revolution" data-id="a1efa67" data-element_type="widget" data-e-type="widget" data-widget_type="slider_revolution.default">
				<div class="elementor-widget-container">
					
		<div class="wp-block-themepunch-revslider">
			<!-- START Saïda Liban REVOLUTION SLIDER 6.6.16 --><p class="rs-p-wp-fix"></p>
			<rs-module-wrap id="rev_slider_55_1_wrapper" data-source="gallery" style="visibility:hidden;background:transparent;padding:0;margin:0px auto;margin-top:0;margin-bottom:0;">
				<rs-module id="rev_slider_55_1" style="" data-version="6.6.16">
					<rs-slides style="overflow: hidden; position: absolute;">
						<rs-slide style="position: absolute;" data-key="rs-590" data-title="Slide" data-thumb="//www.ar-architectes.com/wp-content/uploads/2023/12/1-20.jpg" data-in="o:0;" data-out="a:false;">
							<img fetchpriority="high" decoding="async" src="//www.ar-architectes.com/wp-content/plugins/revslider/public/assets/assets/dummy.png" alt="" title="1" width="1212" height="717" class="rev-slidebg tp-rs-img rs-lazyload" data-lazyload="//www.ar-architectes.com/wp-content/uploads/2023/12/1-20.jpg" data-no-retina>
<!---->						</rs-slide>
						<rs-slide style="position: absolute;" data-key="rs-591" data-title="Slide" data-thumb="//www.ar-architectes.com/wp-content/uploads/2023/12/2-21-scaled.jpg" data-in="o:0;" data-out="a:false;">
							<img decoding="async" src="//www.ar-architectes.com/wp-content/plugins/revslider/public/assets/assets/dummy.png" alt="" title="2" width="2560" height="1707" class="rev-slidebg tp-rs-img rs-lazyload" data-lazyload="//www.ar-architectes.com/wp-content/uploads/2023/12/2-21-scaled.jpg" data-no-retina>
<!---->						</rs-slide>
						<rs-slide style="position: absolute;" data-key="rs-592" data-title="Slide" data-thumb="//www.ar-architectes.com/wp-content/uploads/2023/12/3-18-scaled.jpg" data-in="o:0;" data-out="a:false;">
							<img decoding="async" src="//www.ar-architectes.com/wp-content/plugins/revslider/public/assets/assets/dummy.png" alt="" title="3" width="2560" height="1806" class="rev-slidebg tp-rs-img rs-lazyload" data-lazyload="//www.ar-architectes.com/wp-content/uploads/2023/12/3-18-scaled.jpg" data-no-retina>
<!---->						</rs-slide>
						<rs-slide style="position: absolute;" data-key="rs-593" data-title="Slide" data-thumb="//www.ar-architectes.com/wp-content/uploads/2023/12/4-18-scaled.jpg" data-in="o:0;" data-out="a:false;">
							<img loading="lazy" decoding="async" src="//www.ar-architectes.com/wp-content/plugins/revslider/public/assets/assets/dummy.png" alt="" title="4" width="2560" height="1331" class="rev-slidebg tp-rs-img rs-lazyload" data-lazyload="//www.ar-architectes.com/wp-content/uploads/2023/12/4-18-scaled.jpg" data-bg="f:contain;" data-no-retina>
<!---->						</rs-slide>
						<rs-slide style="position: absolute;" data-key="rs-594" data-title="Slide" data-thumb="//www.ar-architectes.com/wp-content/uploads/2023/12/5-17-scaled.jpg" data-in="o:0;" data-out="a:false;">
							<img loading="lazy" decoding="async" src="//www.ar-architectes.com/wp-content/plugins/revslider/public/assets/assets/dummy.png" alt="" title="5" width="2560" height="1453" class="rev-slidebg tp-rs-img rs-lazyload" data-lazyload="//www.ar-architectes.com/wp-content/uploads/2023/12/5-17-scaled.jpg" data-bg="f:contain;" data-no-retina>
<!---->						</rs-slide>
						<rs-slide style="position: absolute;" data-key="rs-595" data-title="Slide" data-thumb="//www.ar-architectes.com/wp-content/uploads/2023/12/6-11-scaled.jpg" data-in="o:0;" data-out="a:false;">
							<img loading="lazy" decoding="async" src="//www.ar-architectes.com/wp-content/plugins/revslider/public/assets/assets/dummy.png" alt="" title="6" width="2560" height="1598" class="rev-slidebg tp-rs-img rs-lazyload" data-lazyload="//www.ar-architectes.com/wp-content/uploads/2023/12/6-11-scaled.jpg" data-bg="f:contain;" data-no-retina>
<!---->						</rs-slide>
						<rs-slide style="position: absolute;" data-key="rs-596" data-title="Slide" data-thumb="//www.ar-architectes.com/wp-content/uploads/2023/12/7-8-scaled.jpg" data-in="o:0;" data-out="a:false;">
							<img loading="lazy" decoding="async" src="//www.ar-architectes.com/wp-content/plugins/revslider/public/assets/assets/dummy.png" alt="" title="7" width="2560" height="1242" class="rev-slidebg tp-rs-img rs-lazyload" data-lazyload="//www.ar-architectes.com/wp-content/uploads/2023/12/7-8-scaled.jpg" data-bg="f:contain;" data-no-retina>
<!---->						</rs-slide>
						<rs-slide style="position: absolute;" data-key="rs-597" data-title="Slide" data-thumb="//www.ar-architectes.com/wp-content/uploads/2023/12/8-7-scaled.jpg" data-in="o:0;" data-out="a:false;">
							<img loading="lazy" decoding="async" src="//www.ar-architectes.com/wp-content/plugins/revslider/public/assets/assets/dummy.png" alt="" title="8" width="2560" height="1195" class="rev-slidebg tp-rs-img rs-lazyload" data-lazyload="//www.ar-architectes.com/wp-content/uploads/2023/12/8-7-scaled.jpg" data-bg="f:contain;" data-no-retina>
<!---->						</rs-slide>
					</rs-slides>
					<rs-static-layers><!--
					--></rs-static-layers>
				</rs-module>
				<script>
					setREVStartSize({c: 'rev_slider_55_1',rl:[1240,1024,778,480],el:[900],gw:[1240],gh:[900],type:'carousel',justify:'',layout:'fullwidth',thumbh:"180",mh:"0"});if (window.RS_MODULES!==undefined && window.RS_MODULES.modules!==undefined && window.RS_MODULES.modules["revslider551"]!==undefined) {window.RS_MODULES.modules["revslider551"].once = false;window.revapi55 = undefined;if (window.RS_MODULES.checkMinimal!==undefined) window.RS_MODULES.checkMinimal()}
				</script>
			</rs-module-wrap>
			<!-- END REVOLUTION SLIDER -->
</div>

						</div>
				</div>
				</div>
					</div>
				</div>
		<div class="elementor-element elementor-element-4d1be87 e-flex e-con-boxed e-con e-parent" data-id="4d1be87" data-element_type="container" data-e-type="container">
					<div class="e-con-inner">
				<div class="elementor-element elementor-element-d34259d download-file-button elementor-widget elementor-widget-bridge_icon_text" data-id="d34259d" data-element_type="widget" data-e-type="widget" data-widget_type="bridge_icon_text.default">
				<div class="elementor-widget-container">
					<div class='q_icon_with_title small normal_icon '><div class="icon_holder " style=" "><span data-icon-type="normal"   style="" class="qode_iwt_icon_holder q_font_awsome_icon fa-2x  "><i class="qode_icon_font_awesome fa fa-download qode_iwt_icon_element" style="color: #66B545;" ></i></span></div><div class="icon_text_holder" style=""><div class="icon_text_inner" style=""><h5 class="icon_title" style="color: #000000;font-weight: 700;"></h5><p style='color: #000000'></p><a itemprop='url' class='icon_with_title_link' href='https://www.ar-architectes.com/wp-content/uploads/2023/12/AR_SAIDA_FRANCAIS.pdf' target='_self' style='color: #000000;'>TÉLÉCHARGER LA FICHE COMPLÈTE DE CE PROJET</a></div></div></div>				</div>
				</div>
					</div>
				</div>
				</div>

<p>L’opération se déroule à Saïda, une ville de 300 000 habitants au sud du Liban, ex-capitale historique locale.</p>
